{"id":1571,"date":"2024-11-19T12:23:38","date_gmt":"2024-11-19T12:23:38","guid":{"rendered":"https:\/\/fdm-nds.de\/?page_id=1571"},"modified":"2024-11-19T12:26:17","modified_gmt":"2024-11-19T12:26:17","slug":"fair_award_2024_eng","status":"publish","type":"page","link":"https:\/\/fdm-nds.de\/index.php\/en\/fair_award_2024_eng\/","title":{"rendered":"FAIR_Award_2024_eng"},"content":{"rendered":"<p>[et_pb_section fb_built=&#8221;1&#8243; _builder_version=&#8221;4.24.2&#8243; _module_preset=&#8221;default&#8221; custom_margin=&#8221;0px||0px||false|false&#8221; custom_padding=&#8221;0px||0px||false|false&#8221; global_colors_info=&#8221;{}&#8221;][et_pb_row _builder_version=&#8221;4.24.2&#8243; _module_preset=&#8221;default&#8221; hover_enabled=&#8221;0&#8243; global_colors_info=&#8221;{}&#8221; custom_margin=&#8221;||0px||false|false&#8221; custom_padding=&#8221;||0px||false|false&#8221; sticky_enabled=&#8221;0&#8243;][et_pb_column type=&#8221;4_4&#8243; _builder_version=&#8221;4.24.2&#8243; _module_preset=&#8221;default&#8221; global_colors_info=&#8221;{}&#8221;][et_pb_text _builder_version=&#8221;4.24.2&#8243; _module_preset=&#8221;default&#8221; custom_margin=&#8221;0px||0px||false|false&#8221; custom_padding=&#8221;0px||0px||false|false&#8221; global_colors_info=&#8221;{}&#8221;]<\/p>\n<h1 style=\"text-align: center;\">FAIR Data and Software Award Lower Saxony 2024<\/h1>\n<p>[\/et_pb_text][et_pb_text _builder_version=&#8221;4.24.2&#8243; _module_preset=&#8221;default&#8221; global_colors_info=&#8221;{}&#8221;]<\/p>\n<p>On November 13, 2024, the FAIR Data and Software Award Lower Saxony was presented during the Data Days Niedersachsen. We would like to extend our sincere thanks to Prof. Dr. York Sure-Vetter for serving as the award\u2019s patron, as well as to Anna Teschner from the Lower Saxony Ministry for Science and Culture for presenting the award to the winners.<\/p>\n<p>The award was given in two categories: <em>Published Datasets<\/em> and <em>Published Software<\/em>, each with a prize of \u20ac3,000.<\/p>\n<p>[\/et_pb_text][\/et_pb_column][\/et_pb_row][\/et_pb_section][et_pb_section fb_built=&#8221;1&#8243; _builder_version=&#8221;4.24.2&#8243; _module_preset=&#8221;default&#8221; custom_margin=&#8221;0px||0px||false|false&#8221; custom_padding=&#8221;0px||0px||false|false&#8221; global_colors_info=&#8221;{}&#8221;][et_pb_row column_structure=&#8221;3_5,2_5&#8243; _builder_version=&#8221;4.24.2&#8243; _module_preset=&#8221;default&#8221; global_colors_info=&#8221;{}&#8221;][et_pb_column type=&#8221;3_5&#8243; _builder_version=&#8221;4.24.2&#8243; _module_preset=&#8221;default&#8221; global_colors_info=&#8221;{}&#8221;][et_pb_text _builder_version=&#8221;4.24.2&#8243; _module_preset=&#8221;default&#8221; header_3_text_color=&#8221;#313191&#8243; custom_margin=&#8221;0px||0px||false|false&#8221; custom_padding=&#8221;0px||0px||false|false&#8221; global_colors_info=&#8221;{}&#8221;]<\/p>\n<h3>Kategorie Dataset<\/h3>\n<p>[\/et_pb_text][et_pb_text _builder_version=&#8221;4.24.2&#8243; _module_preset=&#8221;default&#8221; global_colors_info=&#8221;{}&#8221;]<\/p>\n<p style=\"text-align: left;\">In the category <em>Dataset,<\/em> the award was presented to:<\/p>\n<p style=\"text-align: center;\"><strong>Jendrik-Alexander Tr\u00f6ger (TU Clausthal)<\/strong><br \/><strong>Prof. Dr.-Ing. habil. Stefan Hartmann (TU Clausthal)<\/strong><br \/><strong>David Anton (TU Braunschweig)<\/strong><br \/><strong>Jun.-Prof. Dr.-Ing Henning Wessels (TU Braunschweig)<\/strong><\/p>\n<p>for their dataset:<\/p>\n<h4 style=\"text-align: center;\"><strong>Digital Image Correlation Measurement of Linear Elastic Steel Specimen<\/strong><br \/><a href=\"https:\/\/doi.org\/10.5281\/zenodo.11257192\" target=\"_blank\" rel=\"noopener\"><span style=\"color: #ff0000;\">DOI:10.5281\/zenodo.11.257192<\/span><\/a><\/h4>\n<p>[\/et_pb_text][\/et_pb_column][et_pb_column type=&#8221;2_5&#8243; _builder_version=&#8221;4.24.2&#8243; _module_preset=&#8221;default&#8221; global_colors_info=&#8221;{}&#8221;][et_pb_image src=&#8221;https:\/\/fdm-nds.de\/wp-content\/uploads\/2024\/11\/Dataset_v02.jpg&#8221; title_text=&#8221;Dataset_v02&#8243; show_in_lightbox=&#8221;on&#8221; _builder_version=&#8221;4.24.2&#8243; _module_preset=&#8221;default&#8221; custom_padding=&#8221;40px||||false|false&#8221; custom_css_after=&#8221;content:%22\u24b8 Christian Pauls %22; position:absolute; top:97%; left: 70%; font-style: italic; color: white&#8221; border_radii=&#8221;on|5px|5px|5px|5px&#8221; global_colors_info=&#8221;{}&#8221;][\/et_pb_image][\/et_pb_column][\/et_pb_row][\/et_pb_section][et_pb_section fb_built=&#8221;1&#8243; _builder_version=&#8221;4.24.2&#8243; _module_preset=&#8221;default&#8221; custom_margin=&#8221;0px||0px||false|false&#8221; custom_padding=&#8221;0px||0px||false|false&#8221; global_colors_info=&#8221;{}&#8221;][et_pb_row column_structure=&#8221;3_5,2_5&#8243; _builder_version=&#8221;4.24.2&#8243; _module_preset=&#8221;default&#8221; global_colors_info=&#8221;{}&#8221;][et_pb_column type=&#8221;3_5&#8243; _builder_version=&#8221;4.24.2&#8243; _module_preset=&#8221;default&#8221; global_colors_info=&#8221;{}&#8221;][et_pb_text _builder_version=&#8221;4.24.2&#8243; _module_preset=&#8221;default&#8221; header_3_text_color=&#8221;#313191&#8243; custom_margin=&#8221;0px||0px||false|false&#8221; custom_padding=&#8221;0px||0px||false|false&#8221; global_colors_info=&#8221;{}&#8221;]<\/p>\n<h3>Kategorie Software<\/h3>\n<p>[\/et_pb_text][et_pb_text _builder_version=&#8221;4.24.2&#8243; _module_preset=&#8221;default&#8221; global_colors_info=&#8221;{}&#8221;]<\/p>\n<p style=\"text-align: left;\">In the category <em>Software,<\/em> the award was presented to:<\/p>\n<p style=\"text-align: center;\"><strong>Sandra Klawitter (Ostfalia Hochschule f\u00fcr angewandte Wissenschaften)<\/strong><br \/><strong>Prof. Dr. med. Georg Hoffmann (TU M\u00fcnchen)<\/strong><br \/><strong>Inga Trulson (Trillium GmbH Medizinischer Fachverlag)<\/strong><br \/><strong>Dr. med. Jakob Adler (Institut f\u00fcr H\u00e4mostaseologie und Pharmakologie, Institut f\u00fcr Medizinische Diagnostik, Berlin)<br \/>Prof. Dr. med. Stefan Holdenrieder (TU M\u00fcnchen)<br \/>Prof. Dr. Frank Klawonn (Ostfalia Hochschule f\u00fcr angewandte Wissenschaften, Helmholtz Zentrum f\u00fcr Infektionsforschung)<br \/><\/strong><strong><\/strong><strong><\/strong><\/p>\n<p>for their software:<\/p>\n<h4 style=\"text-align: center;\"><strong>reflimR<\/strong><br \/><a href=\"https:\/\/doi.org\/10.32614\/CRAN.package.reflimR\" target=\"_blank\" rel=\"noopener\"><span style=\"color: #ff0000;\">10.32614\/CRAN.package.reflimR<\/span><\/a><\/h4>\n<p>[\/et_pb_text][\/et_pb_column][et_pb_column type=&#8221;2_5&#8243; _builder_version=&#8221;4.24.2&#8243; _module_preset=&#8221;default&#8221; global_colors_info=&#8221;{}&#8221;][et_pb_image src=&#8221;https:\/\/fdm-nds.de\/wp-content\/uploads\/2024\/11\/FAIR_Software.jpg&#8221; title_text=&#8221;FAIR_Software&#8221; show_in_lightbox=&#8221;on&#8221; _builder_version=&#8221;4.24.2&#8243; _module_preset=&#8221;default&#8221; custom_padding=&#8221;40px||||false|false&#8221; custom_css_after=&#8221;content:%22\u24b8 Christian Pauls %22; position:absolute; top:97%; left: 70%; font-style: italic; color: white&#8221; border_radii=&#8221;on|5px|5px|5px|5px&#8221; global_colors_info=&#8221;{}&#8221;][\/et_pb_image][\/et_pb_column][\/et_pb_row][et_pb_row _builder_version=&#8221;4.24.2&#8243; _module_preset=&#8221;default&#8221; custom_margin=&#8221;0px||0px||false|false&#8221; custom_padding=&#8221;0px||1px||false|false&#8221; global_colors_info=&#8221;{}&#8221;][et_pb_column type=&#8221;4_4&#8243; _builder_version=&#8221;4.24.2&#8243; _module_preset=&#8221;default&#8221; global_colors_info=&#8221;{}&#8221;][et_pb_text _builder_version=&#8221;4.24.2&#8243; _module_preset=&#8221;default&#8221; header_3_text_color=&#8221;#313191&#8243; global_colors_info=&#8221;{}&#8221;]<\/p>\n<h3>Further impressions from the award ceremony<\/h3>\n<p>[\/et_pb_text][et_pb_gallery gallery_ids=&#8221;1541,1542,1543,1545,1544,1530,1550,1538&#8243; show_title_and_caption=&#8221;off&#8221; show_pagination=&#8221;off&#8221; _builder_version=&#8221;4.24.2&#8243; _module_preset=&#8221;default&#8221; border_radii=&#8221;on|5px|5px|5px|5px&#8221; global_colors_info=&#8221;{}&#8221;][\/et_pb_gallery][\/et_pb_column][\/et_pb_row][\/et_pb_section]<\/p>\n","protected":false},"excerpt":{"rendered":"<p>FAIR Data and Software Award Lower Saxony 2024On November 13, 2024, the FAIR Data and Software Award Lower Saxony was presented during the Data Days Niedersachsen. We would like to extend our sincere thanks to Prof. Dr. York Sure-Vetter for serving as the award\u2019s patron, as well as to Anna Teschner from the Lower Saxony [&hellip;]<\/p>\n","protected":false},"author":2,"featured_media":0,"parent":0,"menu_order":0,"comment_status":"closed","ping_status":"closed","template":"","meta":{"_et_pb_use_builder":"on","_et_pb_old_content":"","_et_gb_content_width":"","footnotes":""},"class_list":["post-1571","page","type-page","status-publish","hentry"],"_links":{"self":[{"href":"https:\/\/fdm-nds.de\/index.php\/wp-json\/wp\/v2\/pages\/1571","targetHints":{"allow":["GET"]}}],"collection":[{"href":"https:\/\/fdm-nds.de\/index.php\/wp-json\/wp\/v2\/pages"}],"about":[{"href":"https:\/\/fdm-nds.de\/index.php\/wp-json\/wp\/v2\/types\/page"}],"author":[{"embeddable":true,"href":"https:\/\/fdm-nds.de\/index.php\/wp-json\/wp\/v2\/users\/2"}],"replies":[{"embeddable":true,"href":"https:\/\/fdm-nds.de\/index.php\/wp-json\/wp\/v2\/comments?post=1571"}],"version-history":[{"count":5,"href":"https:\/\/fdm-nds.de\/index.php\/wp-json\/wp\/v2\/pages\/1571\/revisions"}],"predecessor-version":[{"id":1580,"href":"https:\/\/fdm-nds.de\/index.php\/wp-json\/wp\/v2\/pages\/1571\/revisions\/1580"}],"wp:attachment":[{"href":"https:\/\/fdm-nds.de\/index.php\/wp-json\/wp\/v2\/media?parent=1571"}],"curies":[{"name":"wp","href":"https:\/\/api.w.org\/{rel}","templated":true}]}}