{"id":3655,"date":"2026-01-14T09:39:20","date_gmt":"2026-01-14T09:39:20","guid":{"rendered":"https:\/\/fdm-nds.de\/?page_id=3655"},"modified":"2026-02-02T11:10:21","modified_gmt":"2026-02-02T11:10:21","slug":"schritt-3-daten-aufbereiten-und-analysieren","status":"publish","type":"page","link":"https:\/\/fdm-nds.de\/index.php\/schritt-3-daten-aufbereiten-und-analysieren\/","title":{"rendered":"Schritt 3: Daten aufbereiten und analysieren"},"content":{"rendered":"<p>[et_pb_section fb_built=&#8221;1&#8243; _builder_version=&#8221;4.27.4&#8243; _module_preset=&#8221;default&#8221; global_colors_info=&#8221;{}&#8221;][et_pb_row column_structure=&#8221;1_2,1_2&#8243; _builder_version=&#8221;4.27.4&#8243; _module_preset=&#8221;default&#8221; custom_margin=&#8221;|auto|-44px|auto||&#8221; custom_padding=&#8221;||0px|||&#8221; global_colors_info=&#8221;{}&#8221;][et_pb_column type=&#8221;1_2&#8243; _builder_version=&#8221;4.27.4&#8243; _module_preset=&#8221;default&#8221; global_colors_info=&#8221;{}&#8221;][et_pb_heading title=&#8221;Schritt 3: Daten aufbereiten und analysieren&#8221; _builder_version=&#8221;4.27.4&#8243; _module_preset=&#8221;default&#8221; global_colors_info=&#8221;{}&#8221;][\/et_pb_heading][et_pb_text _builder_version=&#8221;4.27.4&#8243; _module_preset=&#8221;default&#8221; min_height=&#8221;410.6px&#8221; custom_padding=&#8221;||0px|||&#8221; global_colors_info=&#8221;{}&#8221;]<\/p>\n<h2>Einf\u00fchrung<\/h2>\n<p>F\u00fcr eine effektive Datenanalyse in der Forschung sollten folgende Aspekte ber\u00fccksichtigt werden:<\/p>\n<ol>\n<li><strong>Datenpr\u00fcfung, -validierung und -bereinigung:<\/strong> Eine sorgf\u00e4ltige Qualit\u00e4tssicherung wird als grundlegend angesehen. Die Daten sollten \u00fcberpr\u00fcft und validiert werden, um Fehler zu identifizieren und zu korrigieren. Eine konsequente Bereinigung wird als Gew\u00e4hrleistung daf\u00fcr angesehen, dass Analysen auf pr\u00e4zisen und zuverl\u00e4ssigen Daten basieren.<\/li>\n<li><strong>Nutzung fachspezifischer Standards:<\/strong> In der Datenanalysephase ist es wichtig, sich an die anerkannten und fachspezifischen Standards und Methoden des Fachgebiets zu halten und diese genau zu dokumentieren (siehe <a href=\"https:\/\/fdm-nds.de\/?page_id=3794\"><strong>Exkurs Datendokumentation<\/strong><\/a>), insbesondere in Bezug auf Auswertungsmethoden, Normvokabulare und Dateiformate. Dabei ist die Einhaltung der Grunds\u00e4tze guter wissenschaftlicher Praxis (<a href=\"https:\/\/forschungsdaten.info\/themen\/ethik-und-gute-wissenschaftliche-praxis\/gute-wissenschaftliche-praxis-und-fdm\/\" target=\"_blank\" rel=\"noopener\"><strong>GWP<\/strong><\/a>) essenziell, insbesondere Leitlinie 11 [1], welche die Anwendung wissenschaftlich fundierter und nachvollziehbarer Methoden sowie die Qualit\u00e4tssicherung und Etablierung von Standards betont.<\/li>\n<\/ol>\n<p>[\/et_pb_text][\/et_pb_column][et_pb_column type=&#8221;1_2&#8243; _builder_version=&#8221;4.27.4&#8243; _module_preset=&#8221;default&#8221; global_colors_info=&#8221;{}&#8221;][et_pb_image src=&#8221;https:\/\/fdm-nds.de\/wp-content\/uploads\/2026\/01\/FD_Lebenszyklus_S3_Daten_aufbereiten_analysieren_Buhnenbild_Mau_CC-BY.png&#8221; alt=&#8221;FD-Lebenszyklus Daten aufbereiten und analysieren&#8221; title_text=&#8221;FD_Lebenszyklus_S3_Daten_aufbereiten_analysieren_B\u00fchnenbild_Mau_CC-BY&#8221; _builder_version=&#8221;4.27.4&#8243; _module_preset=&#8221;default&#8221; global_colors_info=&#8221;{}&#8221;][\/et_pb_image][\/et_pb_column][\/et_pb_row][et_pb_row _builder_version=&#8221;4.27.4&#8243; _module_preset=&#8221;default&#8221; min_height=&#8221;625.6px&#8221; custom_margin=&#8221;|auto|-3px|auto||&#8221; custom_padding=&#8221;30px|||||&#8221; global_colors_info=&#8221;{}&#8221;][et_pb_column type=&#8221;4_4&#8243; _builder_version=&#8221;4.27.4&#8243; _module_preset=&#8221;default&#8221; global_colors_info=&#8221;{}&#8221;][et_pb_text _builder_version=&#8221;4.27.4&#8243; _module_preset=&#8221;default&#8221; min_height=&#8221;382.6px&#8221; custom_margin=&#8221;||28px|||&#8221; global_colors_info=&#8221;{}&#8221;]<\/p>\n<p>3.<strong> Vorbereitung der Daten f\u00fcr die wissenschaftliche Publikation:<\/strong> Die Daten sollten sorgf\u00e4ltig aufbereitet werden, um sie wissenschaftlich zu publizieren. Dies umfasst z.B. die Anonymisierung personenbezogener Daten und die Sicherstellung, dass alle relevanten Informationen f\u00fcr die Leserschaft verst\u00e4ndlich sind.<br \/>4. <strong>Dokumentation der Datenauswertung:<\/strong> Eine vollst\u00e4ndige Dokumentation aller Schritte der Datenanalyse ist f\u00fcr das Verst\u00e4ndnis und die Reproduzierbarkeit der Forschung essenziell (siehe <a href=\"https:\/\/fdm-nds.de\/?page_id=3794\" target=\"_blank\" rel=\"noopener\"><strong>Exkurs Datendokumentation<\/strong><\/a>). Forschende m\u00fcssen alle relevanten Informationen, die zum Zustandekommen eines Forschungsergebnisses f\u00fchren, so nachvollziehbar erfassen, wie es im jeweiligen Fachgebiet erforderlich und angemessen ist, um die \u00dcberpr\u00fcfung und Bewertung der Ergebnisse zu erm\u00f6glichen[2].<\/p>\n<h3>Rechtliche Aspekte &amp; Ethik<\/h3>\n<p>In der Phase der Datenaufbereitung und -analyse ist die sorgf\u00e4ltige Ber\u00fccksichtigung rechtlicher Aspekte erforderlich, die insbesondere in der Datenschutz-Grundverordnung (DSGVO) festgelegt sind. Eine zentrale Frage betrifft die Verarbeitung personenbezogener Daten (siehe <strong><a href=\"https:\/\/fdm-nds.de\/?page_id=3804\" target=\"_blank\" rel=\"noopener\">Exkurs Rechtliche Aspekte im FDM<\/a><\/strong>). Es gilt der Grundsatz, dass personenbezogene Daten nur verarbeitet werden d\u00fcrfen, wenn eine wirksame Anonymisierung m\u00f6glich ist und eine Rechtsgrundlage nach Art. 6 Abs. 1 DSGVO[3] daf\u00fcr vorliegt, sei es durch Einwilligung der betroffenen Personen oder eine gesetzliche Erlaubnis.<br \/>Bei der Analyse von Daten mit speziellen Anforderungen, wie z.B. Dual Use, gesch\u00fctzte Arten, Tierversuche oder medizinische Daten, m\u00fcssen die unterschiedlichen rechtlichen und ethischen Aspekte ber\u00fccksichtigt werden. Zudem sollte kritisch hinterfragt werden, ob die Forschungsziele auch mit einem geringeren Datenumfang oder durch die Nutzung anonymer bzw. pseudonymer Daten erreicht werden k\u00f6nnten, um die Einhaltung der datenschutzrechtlichen Minimierungsprinzipien sicherzustellen.\u00a0<a href=\"https:\/\/fdm-nds-haw.hawk.de\/de\/fdm-ressourcen\/schritt-3-daten-aufbereiten-und-analysieren#_ftnref1\" name=\"_ftn1\"><\/a><\/p>\n<p>[\/et_pb_text][et_pb_divider _builder_version=&#8221;4.27.4&#8243; _module_preset=&#8221;default&#8221; width=&#8221;33%&#8221; custom_margin=&#8221;||0px|||&#8221; global_colors_info=&#8221;{}&#8221;][\/et_pb_divider][et_pb_text _builder_version=&#8221;4.27.4&#8243; _module_preset=&#8221;default&#8221; global_colors_info=&#8221;{}&#8221;]<\/p>\n<p>[1] <a href=\"https:\/\/fdm-nds-haw.hawk.de\/de\/fdm-ressourcen\/schritt-3-daten-aufbereiten-und-analysieren#_ftnref1\" name=\"_ftn1\"><\/a><a href=\"https:\/\/wissenschaftliche-integritaet.de\/kodex\">https:\/\/wissenschaftliche-integritaet.de\/kodex<\/a><br \/>[2] <a href=\"https:\/\/wissenschaftliche-integritaet.de\/kodex\/dokumentation\">https:\/\/wissenschaftliche-integritaet.de\/kodex\/dokumentation<\/a><br \/>[3] <a href=\"https:\/\/dsgvo-gesetz.de\/art-6-dsgvo\">https:\/\/dsgvo-gesetz.de\/art-6-dsgvo<\/a><\/p>\n<p>[\/et_pb_text][et_pb_heading title=&#8221;Weiterf\u00fchrendes&#8221; _builder_version=&#8221;4.27.4&#8243; _module_preset=&#8221;default&#8221; title_level=&#8221;h3&#8243; min_height=&#8221;29px&#8221; custom_margin=&#8221;1px|||||&#8221; custom_padding=&#8221;0px|||||&#8221; global_colors_info=&#8221;{}&#8221;][\/et_pb_heading][et_pb_accordion _builder_version=&#8221;4.27.4&#8243; _module_preset=&#8221;default&#8221; hover_enabled=&#8221;0&#8243; global_colors_info=&#8221;{}&#8221; sticky_enabled=&#8221;0&#8243;][et_pb_accordion_item title=&#8221;Digitaler FDM-Assistent f\u00fcr die ingenieurwissenschaftliche Forschung (im Aufbau): Javres&#8221; open=&#8221;off&#8221; _builder_version=&#8221;4.27.4&#8243; _module_preset=&#8221;default&#8221; global_colors_info=&#8221;{}&#8221;]<\/p>\n<p><a href=\"https:\/\/jarves.nfdi4ing.de\/\" target=\"_blank\" rel=\"noopener\">https:\/\/jarves.nfdi4ing.de\/<\/a><\/p>\n<p>[\/et_pb_accordion_item][et_pb_accordion_item title=&#8221;Tool f\u00fcr die Anonymisierung qualitativer Forschungsdaten: QualiAnon&#8221; _builder_version=&#8221;4.27.4&#8243; _module_preset=&#8221;default&#8221; hover_enabled=&#8221;0&#8243; global_colors_info=&#8221;{}&#8221; open=&#8221;on&#8221; sticky_enabled=&#8221;0&#8243;]<\/p>\n<p><em>Das Tool QualiAnon wird von <a href=\"https:\/\/www.qualiservice.org\/de\/helpdesk\/webinar\/tools.html\" target=\"_blank\" rel=\"noopener\">Qualiservice<\/a> bereitgestellt:\u00a0<\/em><br \/>Tom Nicolai, Kati Mozygemba, Susanne Kretzer, Betina Hollstein, Egor Gordeev (2025): QualiAnon &#8211; Qualiservice tool for anonymizing text data (version 1.5.0). Qualiservice. University of Bremen. Software available at: <a href=\"https:\/\/github.com\/pangaea-data-publisher\/qualianon\" target=\"_blank\" rel=\"noopener\">https:\/\/github.com\/pangaea-data-publisher\/qualianon<\/a><\/p>\n<p>Videotutorial zur Nutzung des Dienstes von QualiService: <a href=\"https:\/\/youtu.be\/RYQn4DjdKmo?si=gmO60Q4ZWeMlmZyl\" target=\"_blank\" rel=\"noopener\">Link<\/a><\/p>\n<p>Weitere Informationen sind auch auf <a href=\"https:\/\/forschungsdaten.info\/fr\/wissenschaftsbereiche\/sozial-und-verhaltenswissenschaften\/tools-services-und-dienstleistungen\/qualianon\" rel=\"noopener\" target=\"_blank\">forschungsdaten.info<\/a> zu finden.<\/p>\n<p><a href=\"https:\/\/youtu.be\/RYQn4DjdKmo?si=CwIclzrZX5SMupTS\" target=\"_blank\" rel=\"noopener\"><\/a><\/p>\n<p>[\/et_pb_accordion_item][et_pb_accordion_item title=&#8221;Tool f\u00fcr statistische Analysen: R&#8221; _builder_version=&#8221;4.27.4&#8243; _module_preset=&#8221;default&#8221; global_colors_info=&#8221;{}&#8221; open=&#8221;off&#8221;]<\/p>\n<p><a href=\"https:\/\/www.r-project.org\">https:\/\/www.r-project.org<\/a><\/p>\n<p>[\/et_pb_accordion_item][et_pb_accordion_item title=&#8221;Tool zur Bereinigung und Transformation von Daten: OpenRefine&#8221; _builder_version=&#8221;4.27.4&#8243; _module_preset=&#8221;default&#8221; global_colors_info=&#8221;{}&#8221; open=&#8221;off&#8221;]<\/p>\n<p><a href=\"https:\/\/openrefine.org\">https:\/\/openrefine.org<\/a><\/p>\n<p>Eine sehr umfangreiche Einf\u00fchrung f\u00fcr das Tool bietet <a href=\"https:\/\/sammlungen.io\/kb\/fdm\/openrefine-einfuehrung\" target=\"_blank\" rel=\"noopener\">SODa<\/a>.<\/p>\n<p>[\/et_pb_accordion_item][et_pb_accordion_item title=&#8221;Tool f\u00fcr die Daten-Anonymisierung f\u00fcr alle Fachbereiche: Amnesia&#8221; _builder_version=&#8221;4.27.4&#8243; _module_preset=&#8221;default&#8221; global_colors_info=&#8221;{}&#8221; open=&#8221;off&#8221;]<\/p>\n<p><a href=\"https:\/\/amnesia.openaire.eu\">https:\/\/amnesia.openaire.eu<\/a><\/p>\n<p>[\/et_pb_accordion_item][\/et_pb_accordion][\/et_pb_column][\/et_pb_row][\/et_pb_section]<\/p>\n","protected":false},"excerpt":{"rendered":"<p>Einf\u00fchrung F\u00fcr eine effektive Datenanalyse in der Forschung sollten folgende Aspekte ber\u00fccksichtigt werden: Datenpr\u00fcfung, -validierung und -bereinigung: Eine sorgf\u00e4ltige Qualit\u00e4tssicherung wird als grundlegend angesehen. Die Daten sollten \u00fcberpr\u00fcft und validiert werden, um Fehler zu identifizieren und zu korrigieren. Eine konsequente Bereinigung wird als Gew\u00e4hrleistung daf\u00fcr angesehen, dass Analysen auf pr\u00e4zisen und zuverl\u00e4ssigen Daten basieren. Nutzung [&hellip;]<\/p>\n","protected":false},"author":7,"featured_media":0,"parent":0,"menu_order":0,"comment_status":"closed","ping_status":"closed","template":"","meta":{"_et_pb_use_builder":"on","_et_pb_old_content":"","_et_gb_content_width":"","footnotes":""},"class_list":["post-3655","page","type-page","status-publish","hentry"],"_links":{"self":[{"href":"https:\/\/fdm-nds.de\/index.php\/wp-json\/wp\/v2\/pages\/3655","targetHints":{"allow":["GET"]}}],"collection":[{"href":"https:\/\/fdm-nds.de\/index.php\/wp-json\/wp\/v2\/pages"}],"about":[{"href":"https:\/\/fdm-nds.de\/index.php\/wp-json\/wp\/v2\/types\/page"}],"author":[{"embeddable":true,"href":"https:\/\/fdm-nds.de\/index.php\/wp-json\/wp\/v2\/users\/7"}],"replies":[{"embeddable":true,"href":"https:\/\/fdm-nds.de\/index.php\/wp-json\/wp\/v2\/comments?post=3655"}],"version-history":[{"count":20,"href":"https:\/\/fdm-nds.de\/index.php\/wp-json\/wp\/v2\/pages\/3655\/revisions"}],"predecessor-version":[{"id":4421,"href":"https:\/\/fdm-nds.de\/index.php\/wp-json\/wp\/v2\/pages\/3655\/revisions\/4421"}],"wp:attachment":[{"href":"https:\/\/fdm-nds.de\/index.php\/wp-json\/wp\/v2\/media?parent=3655"}],"curies":[{"name":"wp","href":"https:\/\/api.w.org\/{rel}","templated":true}]}}