{"id":3661,"date":"2026-01-14T09:42:00","date_gmt":"2026-01-14T09:42:00","guid":{"rendered":"https:\/\/fdm-nds.de\/?page_id=3661"},"modified":"2026-01-28T07:03:50","modified_gmt":"2026-01-28T07:03:50","slug":"schritt-5-daten-archivieren","status":"publish","type":"page","link":"https:\/\/fdm-nds.de\/index.php\/schritt-5-daten-archivieren\/","title":{"rendered":"Schritt 5: Daten archivieren"},"content":{"rendered":"<p>[et_pb_section fb_built=&#8221;1&#8243; _builder_version=&#8221;4.27.4&#8243; _module_preset=&#8221;default&#8221; global_colors_info=&#8221;{}&#8221;][et_pb_row _builder_version=&#8221;4.27.4&#8243; _module_preset=&#8221;default&#8221; global_colors_info=&#8221;{}&#8221;][et_pb_column type=&#8221;4_4&#8243; _builder_version=&#8221;4.27.4&#8243; _module_preset=&#8221;default&#8221; global_colors_info=&#8221;{}&#8221;][et_pb_heading title=&#8221;Schritt 5: Daten archivieren&#8221; _builder_version=&#8221;4.27.4&#8243; _module_preset=&#8221;default&#8221; global_colors_info=&#8221;{}&#8221;][\/et_pb_heading][\/et_pb_column][\/et_pb_row][et_pb_row column_structure=&#8221;1_2,1_2&#8243; _builder_version=&#8221;4.27.4&#8243; _module_preset=&#8221;default&#8221; custom_margin=&#8221;|auto|-33px|auto||&#8221; custom_padding=&#8221;0px|||||&#8221; locked=&#8221;off&#8221; global_colors_info=&#8221;{}&#8221;][et_pb_column type=&#8221;1_2&#8243; _builder_version=&#8221;4.27.4&#8243; _module_preset=&#8221;default&#8221; global_colors_info=&#8221;{}&#8221;][et_pb_text _builder_version=&#8221;4.27.4&#8243; _module_preset=&#8221;default&#8221; custom_margin=&#8221;-15px||-10px|||&#8221; global_colors_info=&#8221;{}&#8221;]<\/p>\n<section class=\"module text paragraph paragraph--type--para-text paragraph--view-mode--default component-loaded\" data-truncate=\"\">\n<div data-truncate-full=\"\">\n<h2>Einf\u00fchrung<\/h2>\n<p>Beim Teilen und Publizieren von Daten spielt die Dauer der Datenablage und -speicherung zun\u00e4chst eine untergeordnete Rolle. Gem\u00e4\u00df den Leitlinien zur <a href=\"https:\/\/forschungsdaten.info\/praxis-kompakt\/glossar\/#c269903\">guten wissenschaftlichen Praxis<\/a><span style=\"text-decoration: underline; color: #ff0000;\"><\/span> der DFG sollen Forschungsdaten f\u00fcr \u201eeinen angemessenen Zeitraum\u201c aufbewahrt werden, was in der Regel einen Zeitraum von 10 Jahren umfasst. [1]<\/p>\n<p>Ein Backup ist kein Archiv &#8211; Eine langfristig verl\u00e4ssliche Sicherung digitaler Informationen ist nur in einem \u201eechten\u201c digitalen Archiv m\u00f6glich.<\/p>\n<p>Eine langfristige Sicherung sowie dauerhafte Aufbewahrung und Pflege \u00fcber 10 Jahre nennt man Langzeitarchivierung, im Falle von digitalen Daten handelt es sich um Digitale Langzeitarchivierung (DLZA).<\/p>\n<p>F\u00fcr eine digitale (Langzeit-)Archivierung m\u00fcssen Forschungsdaten bestimmte Voraussetzungen erf\u00fcllen, damit diese \u00fcber einen langen Zeitraum auch nachnutzbar bleiben, d.h. langfristig ohne Verlust wiedergegeben und interpretiert werden k\u00f6nnen. [2] Die gro\u00dfe Herausforderung f\u00fcr die Langzeitarchivierung besteht demnach darin, Daten, <a href=\"https:\/\/forschungsdaten.info\/praxis-kompakt\/glossar\/#c269911\">Metadaten<\/a> und Dokumente so zu erhalten, dass sowohl die Lesbarkeit der Dateien als auch die Interpretierbarkeit ihrer Inhalte garantiert werden. Die<\/p>\n<\/div>\n<\/section>\n<p>[\/et_pb_text][\/et_pb_column][et_pb_column type=&#8221;1_2&#8243; _builder_version=&#8221;4.27.4&#8243; _module_preset=&#8221;default&#8221; global_colors_info=&#8221;{}&#8221;][et_pb_image src=&#8221;https:\/\/fdm-nds.de\/wp-content\/uploads\/2026\/01\/FD_Lebenszyklus_S5_Daten_archivieren_Buhnenbild_Mau_CC-BY-e1768373481732.png&#8221; title_text=&#8221;FD_Lebenszyklus_S5_Daten_archivieren_B\u00fchnenbild_Mau_CC-BY&#8221; show_bottom_space=&#8221;off&#8221; _builder_version=&#8221;4.27.4&#8243; _module_preset=&#8221;default&#8221; min_height=&#8221;440.3px&#8221; custom_margin=&#8221;||0px||false|false&#8221; custom_padding=&#8221;0px|||||&#8221; locked=&#8221;off&#8221; global_colors_info=&#8221;{}&#8221;][\/et_pb_image][\/et_pb_column][\/et_pb_row][et_pb_row _builder_version=&#8221;4.27.4&#8243; _module_preset=&#8221;default&#8221; global_colors_info=&#8221;{}&#8221;][et_pb_column type=&#8221;4_4&#8243; _builder_version=&#8221;4.27.4&#8243; _module_preset=&#8221;default&#8221; global_colors_info=&#8221;{}&#8221;][et_pb_text _builder_version=&#8221;4.27.4&#8243; _module_preset=&#8221;default&#8221; custom_margin=&#8221;-17px|||||&#8221; custom_padding=&#8221;1px|||||&#8221; global_colors_info=&#8221;{}&#8221;]<\/p>\n<section class=\"module text paragraph paragraph--type--para-text paragraph--view-mode--default component-loaded\" data-truncate=\"\">\n<div data-truncate-full=\"\">\n<p>Langzeitarchivierung ist dabei einem fortw\u00e4hrenden technischen und soziokulturellen Wandel unterworfen. Die Verwendung m\u00f6glichst offener, nicht propriet\u00e4rer Datenformate wird empfohlen. Langzeitarchivierung weist drei zentrale Bereiche auf: 1. die Dokumentation der Forschungsdaten, 2. deren langfristige Aufbewahrung sowie 3. die Bereitstellung eines Zugangs zu den Daten. [3]<\/p>\n<p>&nbsp;<\/p>\n<h3>Warum sollten Daten archiviert werden? [4]<\/h3>\n<ul>\n<ul>\n<ul>\n<li>Forschungsergebnisse belegen, reproduzieren und darauf aufbauen<\/li>\n<li>Integrit\u00e4t, Transparenz und Nachvollziehbarkeit der Forschung gew\u00e4hrleisten<\/li>\n<li>langfristiger Datenerhalt f\u00fcr die wissenschaftliche Gemeinschaft<\/li>\n<li>Daten langfristig nutzbar (lesen) und interpretierbar (verstehen) halten<\/li>\n<\/ul>\n<\/ul>\n<\/ul>\n<h3>Welche Herausforderungen bestehen bei der Langzeitarchivierung?<\/h3>\n<ul>\n<ul>\n<ul>\n<li>durch den technologischen Wandel werden Datentr\u00e4ger, Dateiformate, Software und Ablageorte schnell unzug\u00e4nglich und unbenutzbar<\/li>\n<li>regelm\u00e4\u00dfige \u00dcberpr\u00fcfung der Daten im Hinblick auf Erhaltung ihrer Nutzbarkeit sicherstellen vs. Personalfluktuation, Projektbefristungen<\/li>\n<li>Bereitstellung technischer Infrastruktur und organisatorischer Ma\u00dfnahmen<\/li>\n<li>Etablierung von Workflows und Standards (Rechtsfragen, Qualit\u00e4tssicherung)<\/li>\n<\/ul>\n<\/ul>\n<\/ul>\n<h3>Wie lassen sich die Herausforderungen l\u00f6sen?<\/h3>\n<ul>\n<ul>\n<li>umfassende Dokumentation und Beschreibung durch Metadaten, Verwendung von Metadatenstandards<\/li>\n<li>Verwendung von Dateiformaten, die kompatibel und zur Langzeitarchivierung geeignet sind sowie die verlust\u00adfreie Konvertierung in alternative Formate erm\u00f6glichen<\/li>\n<li>Verwendung offener Dateiformate (offen dokumentierte, nachvollziehbare Spezifikationen, Hersteller-unabh\u00e4ngig, mit unterschiedlichen Programmen nutzbar)<\/li>\n<li>Durchf\u00fchrung der Langzeitarchivierung durch renommierte Dateninstitute\/ Forschungsdatenzentren, dann m\u00fcssen Forschende o.g. Anforderungen nicht selbst gew\u00e4hrleisten<\/li>\n<li>Nutzung vertrauensw\u00fcrdiger, m\u00f6glichst zertifizierter Archive<\/li>\n<\/ul>\n<\/ul>\n<\/div>\n<\/section>\n<section class=\"module text paragraph paragraph--type--para-text paragraph--view-mode--default component-loaded\" data-truncate=\"\">\n<h2 class=\"module__headline\">Rechtliche Aspekte &amp; Ethik<\/h2>\n<div data-truncate-full=\"\">\n<p>In der Phase der Datenarchivierung m\u00fcssen verschiedene rechtliche Aspekte ber\u00fccksichtigt werden (siehe <a href=\"https:\/\/fdm-nds.de\/index.php\/exkurs-rechtliche-aspekte-im-fdm\/\">Exkurs Rechtliche Aspekte im FDM<\/a>). Besonders das Urheberrecht spielt eine zentrale Rolle. Im digitalen Raum ist jede Vervielf\u00e4ltigung urheberrechtlich relevant, die die Rechte von Autor*innen, Eigent\u00fcmer*innen, Verlagen etc. tangieren kann. Daher ist es essenziell, die Urheberrechte klar zu definieren und entsprechende Genehmigungen einzuholen, bevor Daten archiviert werden. Bei der Archivierung personenbezogener Daten sind Zustimmung und Einwilligung der betroffenen Personen notwendig. Es muss festgelegt werden, nach welcher Zeit diese Daten gel\u00f6scht werden, um den Datenschutzanforderungen gerecht zu werden. Eine zwingende <a href=\"https:\/\/forschungsdaten.info\/praxis-kompakt\/glossar\/#c269826\">Anonymisierung<\/a> ist erforderlich, um die Privatsph\u00e4re der Betroffenen zu sch\u00fctzen und gesetzliche Vorgaben zu erf\u00fcllen.<\/p>\n<p>Das Vertragsrecht regelt, wie lange Daten aufbewahrt werden d\u00fcrfen oder m\u00fcssen. Es ist wichtig, diese vertraglichen Vorgaben genau zu befolgen, um rechtliche Konflikte zu vermeiden und die Integrit\u00e4t der archivierten Daten sicherzustellen.<\/p>\n<\/div>\n<\/section>\n<p>[\/et_pb_text][et_pb_divider _builder_version=&#8221;4.27.4&#8243; _module_preset=&#8221;default&#8221; width=&#8221;33%&#8221; hover_enabled=&#8221;0&#8243; sticky_enabled=&#8221;0&#8243; custom_margin=&#8221;||10px|||&#8221;][\/et_pb_divider][et_pb_text _builder_version=&#8221;4.27.4&#8243; _module_preset=&#8221;default&#8221; hover_enabled=&#8221;0&#8243; sticky_enabled=&#8221;0&#8243; custom_margin=&#8221;-9px|||||&#8221;]<\/p>\n<p>[1] Deutsche Forschungsgemeinschaft (2022). Leitlinien zur Sicherung guter wissenschaftlicher Praxis. Kodex. <a href=\"https:\/\/doi.org\/10.5281\/zenodo.6472827\">https:\/\/doi.org\/10.5281\/zenodo.6472827 <\/a>, Leitlinie 17: Archivierung<br \/>[2] <a href=\"https:\/\/www.tu-braunschweig.de\/forschung\/forschungsdaten-transparenz\/forschungsdaten\/grundkurs-forschungsdatenmanagement\/archivieren-publizieren-und-teilen-von-forschungsdaten\/archivieren\">https:\/\/www.tu-braunschweig.de\/forschung\/forschungsdaten-transparenz\/forschungsdaten\/grundkurs-forschungsdatenmanagement\/archivieren-publizieren-und-teilen-von-forschungsdaten\/archivieren<\/a><br \/>[3] <a href=\"https:\/\/blog.rwth-aachen.de\/forschungsdaten\/2023\/08\/24\/forschungsdaten-archivieren-publizieren\">https:\/\/blog.rwth-aachen.de\/forschungsdaten\/2023\/08\/24\/forschungsdaten-archivieren-publizieren<\/a><br \/>[4] <a href=\"https:\/\/www.uni-kassel.de\/forschung\/forschungsdatenmanagement\/daten-managen\/daten-archivieren-und-publizieren\">https:\/\/www.uni-kassel.de\/forschung\/forschungsdatenmanagement\/daten-managen\/daten-archivieren-und-publizieren<\/a><\/p>\n<p>[\/et_pb_text][\/et_pb_column][\/et_pb_row][et_pb_row _builder_version=&#8221;4.27.4&#8243; _module_preset=&#8221;default&#8221; locked=&#8221;off&#8221; global_colors_info=&#8221;{}&#8221;][et_pb_column type=&#8221;4_4&#8243; _builder_version=&#8221;4.27.4&#8243; _module_preset=&#8221;default&#8221; global_colors_info=&#8221;{}&#8221;][et_pb_heading title=&#8221;Weiterf\u00fchrendes&#8221; _builder_version=&#8221;4.27.4&#8243; _module_preset=&#8221;default&#8221; title_level=&#8221;h3&#8243; custom_padding=&#8221;||0px|||&#8221; locked=&#8221;off&#8221; global_colors_info=&#8221;{}&#8221;][\/et_pb_heading][et_pb_accordion _builder_version=&#8221;4.27.4&#8243; _module_preset=&#8221;default&#8221; custom_margin=&#8221;-27px|||||&#8221; global_colors_info=&#8221;{}&#8221;][et_pb_accordion_item title=&#8221;Dienstleistung digitale Langzeitarchivierung an der TIB: Archivierte Objekte und Angebote&#8221; open=&#8221;on&#8221; _builder_version=&#8221;4.27.4&#8243; _module_preset=&#8221;default&#8221; global_colors_info=&#8221;{}&#8221;]<\/p>\n<p>TIB Technischen Informationsbibliothek: Digitale Langzeitarchivierung an der TIB. <a href=\"https:\/\/www.tib.eu\/de\/publizieren-archivieren\/digitale-langzeitarchivierung\">https:\/\/www.tib.eu\/de\/publizieren-archivieren\/digitale-langzeitarchivierung<\/a><\/p>\n<p>[\/et_pb_accordion_item][et_pb_accordion_item title=&#8221;Exkurs: Repositorien suchen und ausw\u00e4hlen&#8221; _builder_version=&#8221;4.27.4&#8243; _module_preset=&#8221;default&#8221; global_colors_info=&#8221;{}&#8221; open=&#8221;off&#8221;]<\/p>\n<div class=\"accordion__panel\" id=\"accordion-panel-695b79c582249\" aria-labelledby=\"accordion-tab-695b79c582249\" role=\"tabpanel\" data-accordion-item-panel=\"\">\n<div class=\"accordion__panel-inner\">\n<p><a href=\"https:\/\/fdm-nds.de\/index.php\/exkurs-repositorien-suchen-und-auswahlen\/\">Repositorien suchen und ausw\u00e4hlen<\/a><\/p>\n<\/div>\n<\/div>\n<p>[\/et_pb_accordion_item][et_pb_accordion_item title=&#8221;Informationen zu geeigneten Dateiformaten f\u00fcr Langzeitarchivierung&#8221; _builder_version=&#8221;4.27.4&#8243; _module_preset=&#8221;default&#8221; global_colors_info=&#8221;{}&#8221; open=&#8221;off&#8221;]<\/p>\n<div class=\"accordion__panel\" id=\"accordion-panel-695b79c58224b\" aria-labelledby=\"accordion-tab-695b79c58224b\" role=\"tabpanel\" data-accordion-item-panel=\"\">\n<div class=\"accordion__panel-inner\">\n<div class=\"accordion accordion--panel-expanded\" data-accordion-item=\"\">\n<div class=\"accordion__panel\" id=\"accordion-panel-695b73da99f16\" aria-labelledby=\"accordion-tab-695b73da99f16\" role=\"tabpanel\" data-accordion-item-panel=\"\">\n<div class=\"accordion__panel-inner\">\n<p>Informationen auf <a href=\"https:\/\/forschungsdaten.info\/themen\/veroeffentlichen-und-archivieren\/formate-erhalten\" rel=\"noopener\" target=\"_blank\">forschungsdaten.info<\/a><em><\/em><\/p>\n<\/div>\n<\/div>\n<\/div>\n<div class=\"accordion\" data-accordion-item=\"\">\n<div class=\"accordion__panel\" id=\"accordion-panel-695b73da99f1c\" aria-labelledby=\"accordion-tab-695b73da99f1c\" role=\"tabpanel\" data-accordion-item-panel=\"\"><\/div>\n<\/div>\n<div class=\"gr-8 push-2 gr-12@m gr-12@s gr-12@xs push-0@m push-0@s push-0@xs\">\n<div id=\"block-hawk-content\">\n<article class=\"node local-content local-content--news_blog full\">\n<div class=\"row\">\n<div role=\"main\" class=\"gr-12 \">\n<section class=\"module para-ref-local-manual paragraph--type--para-ref-local-manual\">\n<div class=\"para-ref-local-manual--half-column\">\n<div>\n<div>\n<article class=\"local-content local-content--paqe teaser side-by-side has-pattern-shadow\">\n<div class=\"row\">\n<section class=\"local-content--content gr-6 gr-12@s gr-12@xs gr-12@m\">\n<div class=\"local-content--teaser\">\n<p>&nbsp;<\/p>\n<\/div>\n<\/section>\n<\/div>\n<\/article>\n<\/div>\n<\/div>\n<\/div>\n<\/section>\n<\/div>\n<\/div>\n<\/article>\n<\/div>\n<\/div>\n<\/div>\n<\/div>\n<p>[\/et_pb_accordion_item][et_pb_accordion_item title=&#8221;Langzeitarchivierung: Nestor-Kompetenznetzwerk f\u00fcr digitale Langzeitarchivierung&#8221; _builder_version=&#8221;4.27.4&#8243; _module_preset=&#8221;default&#8221; global_colors_info=&#8221;{}&#8221; open=&#8221;off&#8221;]<\/p>\n<div class=\"accordion__panel\" id=\"accordion-panel-695b79c58224d\" aria-labelledby=\"accordion-tab-695b79c58224d\" role=\"tabpanel\" data-accordion-item-panel=\"\">\n<div class=\"accordion__panel-inner\">\n<div class=\"accordion__panel\" id=\"accordion-panel-695b73da99f18\" aria-labelledby=\"accordion-tab-695b73da99f18\" role=\"tabpanel\" data-accordion-item-panel=\"\">\n<div class=\"accordion__panel-inner\">\n<p><a href=\"https:\/\/www.langzeitarchivierung.de\/Webs\/nestor\/DE\/Home\/home_node.html\" rel=\"noopener\" target=\"_blank\">Nestor<\/a> ist ein eingetragener Verein mit Mitgliedern aus verschiedenen Bereichen, die mit dem Thema \u201eDigitale Langzeitarchivierung\u201c zu tun haben. Professionals arbeiten gemeinsam in verschiedenen AGs z.B. zu den Themen AV Medien, digitale Bestanderhaltung oder Forschungsdaten.<\/p>\n<p>Das <a href=\"https:\/\/wiki.dnb.de\/display\/NESTOR\/Startseite\" rel=\"noopener\" target=\"_blank\">nestor-Wiki<\/a> bietet eine grunds\u00e4tzliche Einf\u00fchrung in die Langzeitarchivierung und Informationen zur Standardisierung.<\/p>\n<p>Nestor vergibt bei erfolgreicher Begutachtung das <a href=\"https:\/\/www.langzeitarchivierung.de\/Webs\/nestor\/DE\/Zertifizierung\/zertifizierung_node.html\" rel=\"noopener\" target=\"_blank\">nestor-Siegel<\/a> f\u00fcr vertrauensw\u00fcrdige digitale Langzeitarchive.<\/p>\n<\/div>\n<\/div>\n<p><a href=\"https:\/\/www.limesurvey.org\/de\" rel=\"noopener\" target=\"_blank\"><\/a><\/p>\n<\/div>\n<\/div>\n<p>[\/et_pb_accordion_item][et_pb_accordion_item title=&#8221;Langzeitarchivierung: \u00dcbersicht \u00fcber archivische Dateiformate&#8221; _builder_version=&#8221;4.27.4&#8243; _module_preset=&#8221;default&#8221; global_colors_info=&#8221;{}&#8221; open=&#8221;off&#8221;]<\/p>\n<p>KOST Koordinationsstelle f\u00fcr die dauerhafte Archivierung elektronischer Unterlagen: Katalog archivischer Dateiformate:<a href=\"https:\/\/kost-ceco.ch\/cms\/kad_main_de.html\"> https:\/\/kost-ceco.ch\/cms\/kad_main_de.html<\/a><\/p>\n<p>[\/et_pb_accordion_item][et_pb_accordion_item title=&#8221;Standards f\u00fcr die Langzeitarchivierung von GESIS (Infrastruktureinrichtung f\u00fcr die Sozialwissenschaften)&#8221; _builder_version=&#8221;4.27.4&#8243; _module_preset=&#8221;default&#8221; global_colors_info=&#8221;{}&#8221; open=&#8221;off&#8221;]<\/p>\n<p>GESIS Leibniz-Institut f\u00fcr Sozialwissenschaften: Langzeitarchivierung (LZA).<\/p>\n<p><a href=\"https:\/\/www.gesis.org\/datenservices\/ueber-die-datenservices\/standards-und-workflows-datenservices\/langzeitarchivierung-lza\">https:\/\/www.gesis.org\/datenservices\/ueber-die-datenservices\/standards-und-workflows-datenservices\/langzeitarchivierung-lza<\/a><\/p>\n<p>[\/et_pb_accordion_item][et_pb_accordion_item title=&#8221;Standards und disziplinspezifische L\u00f6sungen f\u00fcr die Langzeitarchivierung&#8221; _builder_version=&#8221;4.27.4&#8243; _module_preset=&#8221;default&#8221; global_colors_info=&#8221;{}&#8221; open=&#8221;off&#8221;]<\/p>\n<p>Altenh\u00f6ner R und C Oellers (2012): Langzeitarchivierung von Forschungsdaten. Standards und disziplinspezifische L\u00f6sungen. Scivero Verlag, ISBN 978-3-944417-00-4 <span><\/span>. <a href=\"https:\/\/www.konsortswd.de\/publikation\/langzeitarchivierung-von-forschungsdaten\">https:\/\/www.konsortswd.de\/publikation\/langzeitarchivierung-von-forschungsdaten<\/a><\/p>\n<p>[\/et_pb_accordion_item][\/et_pb_accordion][\/et_pb_column][\/et_pb_row][\/et_pb_section]<\/p>\n","protected":false},"excerpt":{"rendered":"<p>Einf\u00fchrung Beim Teilen und Publizieren von Daten spielt die Dauer der Datenablage und -speicherung zun\u00e4chst eine untergeordnete Rolle. Gem\u00e4\u00df den Leitlinien zur guten wissenschaftlichen Praxis der DFG sollen Forschungsdaten f\u00fcr \u201eeinen angemessenen Zeitraum\u201c aufbewahrt werden, was in der Regel einen Zeitraum von 10 Jahren umfasst. [1] Ein Backup ist kein Archiv &#8211; Eine langfristig verl\u00e4ssliche [&hellip;]<\/p>\n","protected":false},"author":5,"featured_media":0,"parent":0,"menu_order":0,"comment_status":"closed","ping_status":"closed","template":"","meta":{"_et_pb_use_builder":"on","_et_pb_old_content":"","_et_gb_content_width":"","footnotes":""},"class_list":["post-3661","page","type-page","status-publish","hentry"],"_links":{"self":[{"href":"https:\/\/fdm-nds.de\/index.php\/wp-json\/wp\/v2\/pages\/3661","targetHints":{"allow":["GET"]}}],"collection":[{"href":"https:\/\/fdm-nds.de\/index.php\/wp-json\/wp\/v2\/pages"}],"about":[{"href":"https:\/\/fdm-nds.de\/index.php\/wp-json\/wp\/v2\/types\/page"}],"author":[{"embeddable":true,"href":"https:\/\/fdm-nds.de\/index.php\/wp-json\/wp\/v2\/users\/5"}],"replies":[{"embeddable":true,"href":"https:\/\/fdm-nds.de\/index.php\/wp-json\/wp\/v2\/comments?post=3661"}],"version-history":[{"count":32,"href":"https:\/\/fdm-nds.de\/index.php\/wp-json\/wp\/v2\/pages\/3661\/revisions"}],"predecessor-version":[{"id":4237,"href":"https:\/\/fdm-nds.de\/index.php\/wp-json\/wp\/v2\/pages\/3661\/revisions\/4237"}],"wp:attachment":[{"href":"https:\/\/fdm-nds.de\/index.php\/wp-json\/wp\/v2\/media?parent=3661"}],"curies":[{"name":"wp","href":"https:\/\/api.w.org\/{rel}","templated":true}]}}