{"id":3684,"date":"2026-01-14T09:40:50","date_gmt":"2026-01-14T09:40:50","guid":{"rendered":"https:\/\/fdm-nds.de\/?page_id=3684"},"modified":"2026-03-11T12:26:47","modified_gmt":"2026-03-11T12:26:47","slug":"schritt-4-daten-teilen-und-publizieren","status":"publish","type":"page","link":"https:\/\/fdm-nds.de\/index.php\/schritt-4-daten-teilen-und-publizieren\/","title":{"rendered":"Schritt 4: Daten teilen und publizieren"},"content":{"rendered":"<p>[et_pb_section fb_built=&#8221;1&#8243; _builder_version=&#8221;4.27.4&#8243; _module_preset=&#8221;default&#8221; global_colors_info=&#8221;{}&#8221;][et_pb_row column_structure=&#8221;1_2,1_2&#8243; _builder_version=&#8221;4.27.4&#8243; _module_preset=&#8221;default&#8221; global_colors_info=&#8221;{}&#8221;][et_pb_column type=&#8221;1_2&#8243; _builder_version=&#8221;4.27.4&#8243; _module_preset=&#8221;default&#8221; global_colors_info=&#8221;{}&#8221;][et_pb_heading title=&#8221; Schritt 4: Daten teilen und publizieren&#8221; _builder_version=&#8221;4.27.4&#8243; _module_preset=&#8221;default&#8221; global_colors_info=&#8221;{}&#8221;][\/et_pb_heading][et_pb_text _builder_version=&#8221;4.27.4&#8243; _module_preset=&#8221;default&#8221; global_colors_info=&#8221;{}&#8221;]<\/p>\n<h2 class=\"module__headline\">Einf\u00fchrung<\/h2>\n<div data-truncate-full=\"\">\n<p>Forschungsdaten sind die Basis von Erkenntnissen und wissenschaftlichem Fortschritt. Im Forschungsprozess erhobene bzw. erzeugte Daten sind nicht nur f\u00fcr die eigene Arbeit relevant, sondern auch f\u00fcr Andere. Einerseits findet Forschung oftmals im Verbund mit anderen Forschenden und weiteren Partnereinrichtungen statt, dann m\u00fcssen Daten \u00fcber Einrichtungs- und L\u00e4ndergrenzen hinweg geteilt und ausgetauscht werden, damit sie aus verschiedenen Blickwinkeln (weiter)verarbeitet werden k\u00f6nnen. Andererseits k\u00f6nnen Dritte, wie z.B. andere Forschende und die \u00d6ffentlichkeit, unabh\u00e4ngig vom urspr\u00fcnglichen Forschungsprojekt und -zweck ein Interesse an bereits vorhandenen Daten haben, damit sie diese nicht selbst erheben, sondern \u00fcberpr\u00fcfen und auch nachnutzen k\u00f6nnen. F\u00fcr ihren Zugriff m\u00fcssen Forschungsergebnisse und -daten publiziert und damit ver\u00f6ffentlicht werden.<\/p>\n<p>Grunds\u00e4tzlich sollten Forschungsergebnisse gem\u00e4\u00df <a href=\"https:\/\/forschungsdaten.info\/themen\/ethik-und-gute-wissenschaftliche-praxis\/gute-wissenschaftliche-praxis-und-fdm\/\" target=\"_blank\" rel=\"noopener\"><strong>guter wissenschaftlicher Praxis<\/strong><\/a> nach den <a href=\"https:\/\/forschungsdaten.info\/themen\/veroeffentlichen-und-archivieren\/faire-daten\/\" target=\"_blank\" rel=\"noopener\"><strong>FAIR-Prinzipien<\/strong><\/a> aus Gr\u00fcnden der Nachvollziehbarkeit, Anschlussf\u00e4higkeit der Forschung und Nachnutzbarkeit in den wissenschaftlichen Diskurs eingebracht werden [1]. Grundlage hierf\u00fcr ist die \u201eHerstellung von \u00f6ffentlichem Zugang zu Forschungsergebnissen\u201c [1],<\/p>\n<\/div>\n<p>[\/et_pb_text][\/et_pb_column][et_pb_column type=&#8221;1_2&#8243; _builder_version=&#8221;4.27.4&#8243; _module_preset=&#8221;default&#8221; global_colors_info=&#8221;{}&#8221;][et_pb_image src=&#8221;https:\/\/fdm-nds.de\/wp-content\/uploads\/2026\/01\/FD_Lebenszyklus_S4_Daten_teilen_publizieren_Buhnenbild_Mau_CC-BY.png&#8221; alt=&#8221;FD-Lebenszyklus Schritt 4&#8243; title_text=&#8221;FD_Lebenszyklus_S4_Daten_teilen_publizieren_B\u00fchnenbild_Mau_CC-BY&#8221; _builder_version=&#8221;4.27.4&#8243; _module_preset=&#8221;default&#8221; global_colors_info=&#8221;{}&#8221;][\/et_pb_image][\/et_pb_column][\/et_pb_row][et_pb_row _builder_version=&#8221;4.27.4&#8243; _module_preset=&#8221;default&#8221; custom_margin=&#8221;-61px|auto||auto||&#8221; global_colors_info=&#8221;{}&#8221;][et_pb_column type=&#8221;4_4&#8243; _builder_version=&#8221;4.27.4&#8243; _module_preset=&#8221;default&#8221; global_colors_info=&#8221;{}&#8221;][et_pb_text _builder_version=&#8221;4.27.4&#8243; _module_preset=&#8221;default&#8221; min_height=&#8221;425.8px&#8221; custom_padding=&#8221;||0px|||&#8221; global_colors_info=&#8221;{}&#8221;]<\/p>\n<p>z.B in Form einer Ver\u00f6ffentlichung von Forschungsdaten in einem anerkannten Datenarchiv. Auch m\u00fcssen die Vorgaben von Mittelgebern\/ Forschungsf\u00f6rderern, Partnern und Publikationsorganen\/Verlagen ber\u00fccksichtigt werden. Forschende sollten sp\u00e4testens in dieser Phase entscheiden, ob und wie sie Dritten den Zugang zu welchen Daten erm\u00f6glichen k\u00f6nnen. Dabei sind l\u00e4ngst nicht alle erzeugten Daten zur Ver\u00f6ffentlichung relevant oder geeignet und geteilte Daten nicht immer gleichzusetzen mit <a href=\"https:\/\/forschungsdaten.info\/praxis-kompakt\/glossar\/#c1000412\" target=\"_blank\" rel=\"noopener\"><strong>offenen Daten<\/strong><\/a>. Bei der Selektion und Aufbereitung f\u00fcr eine Forschungsdatenver\u00f6ffentlichung sollte ein Blick auf die Qualit\u00e4t der Daten gelegt werden.<\/p>\n<h4>Warum sollten Forschungsdaten geteilt und publiziert werden? [2]<\/h4>\n<ul>\n<li style=\"list-style-type: none;\">\n<ul>\n<li>Erh\u00f6hung der eigenen Sichtbarkeit, Zitierf\u00e4higkeit, \u00dcberpr\u00fcf- und Reproduzierbarkeit<\/li>\n<li>Wissen austauschen und Wissenserhalt sichern<\/li>\n<li>Nachnutzung erm\u00f6glichen statt Neuerhebung &#8211; Kosten werden gespart<\/li>\n<li>Datenverlust vorbeugen &#8211; Daten gehen nicht verloren, sondern stehen f\u00fcr weitere Forschungen zur Verf\u00fcgung<\/li>\n<li>leichtere Zusammenarbeit, Erschlie\u00dfen neuer Kooperationen<\/li>\n<li>offene Wissenschaftskultur &#8211; gesamtgesellschaftlicher Nutzen offener Daten<\/li>\n<li>Erf\u00fcllung von Anforderungen Dritter (Hochschule, Mittelgeber, Verlage)<\/li>\n<\/ul>\n<\/li>\n<\/ul>\n<p>Damit wissenschaftliche Datens\u00e4tze f\u00fcr Dritte leicht zu finden und nachnutzbar sind, sollten einheitliche Standards und Formate verwendet und die Datens\u00e4tze mit <a href=\"https:\/\/forschungsdaten.info\/themen\/beschreiben-und-dokumentieren\/metadaten-und-metadatenstandards\/\" target=\"_blank\" rel=\"noopener\"><strong>Metadaten<\/strong> <\/a>versehen werden. Diese die Daten beschreibenden Informationen k\u00f6nnen je nach Datentyp und Fachdisziplin sehr unterschiedlich sein.\u00a0<\/p>\n<p>[\/et_pb_text][\/et_pb_column][\/et_pb_row][et_pb_row column_structure=&#8221;3_5,2_5&#8243; _builder_version=&#8221;4.27.4&#8243; _module_preset=&#8221;default&#8221; custom_margin=&#8221;-66px|auto||auto||&#8221; global_colors_info=&#8221;{}&#8221;][et_pb_column type=&#8221;3_5&#8243; _builder_version=&#8221;4.27.4&#8243; _module_preset=&#8221;default&#8221; global_colors_info=&#8221;{}&#8221;][et_pb_text _builder_version=&#8221;4.27.4&#8243; _module_preset=&#8221;default&#8221; global_colors_info=&#8221;{}&#8221;]<\/p>\n<p>Eine eindeutige Identifikation sowie dauerhafte Referenzierung und Auffindbarkeit gelingt mithilfe der Vergabe von <a href=\"https:\/\/forschungsdaten.info\/themen\/veroeffentlichen-und-archivieren\/persistente-identifikatoren\/\" target=\"_blank\" rel=\"noopener\"><strong>Persistent Identifiers (PIDs)<\/strong><\/a>, dauerhaften (persistenten), digitalen Identifikatoren. H\u00e4ufig verwendete Identifikatoren f\u00fcr Daten und digitale Objekte sind <a href=\"https:\/\/forschungsdaten.info\/themen\/veroeffentlichen-und-archivieren\/persistente-identifikatoren\/\" target=\"_blank\" rel=\"noopener\"><strong>DOI (Digital Object Identifiers)<\/strong><\/a> und <a href=\"https:\/\/forschungsdaten.info\/praxis-kompakt\/glossar\/#c269920\" target=\"_blank\" rel=\"noopener\"><strong>URN (Uniform Resource Names)<\/strong><\/a> sowie <a href=\"https:\/\/orcid.org\/\" target=\"_blank\" rel=\"noopener\"><strong>ORCID (Open Researcher and Contributor ID)<\/strong><\/a> und <a href=\"https:\/\/forschungsdaten.info\/themen\/veroeffentlichen-und-archivieren\/persistente-identifikatoren\/\" target=\"_blank\" rel=\"noopener\"><strong>ROR (Research Organization Registry)<\/strong><\/a> zur eindeutigen Identifikation von Personen bzw. Organisationen.<\/p>\n<p>In allen F\u00e4llen werden Speichermedien ben\u00f6tigt, auf denen Daten sicher abgelegt und mit verschiedenen Berechtigungen und Sichtbarkeitsstufen f\u00fcr Dritte zug\u00e4nglich gemacht werden k\u00f6nnen. Dazu werden folgende Speichermedien empfohlen:<\/p>\n<p>[\/et_pb_text][\/et_pb_column][et_pb_column type=&#8221;2_5&#8243; _builder_version=&#8221;4.27.4&#8243; _module_preset=&#8221;default&#8221; global_colors_info=&#8221;{}&#8221;][et_pb_video src=&#8221;https:\/\/youtu.be\/XRdQH_QeQCk?si=G3nJrZ8ZFHvNFvUF&#8221; _builder_version=&#8221;4.27.4&#8243; _module_preset=&#8221;default&#8221; min_height=&#8221;199.4px&#8221; custom_padding=&#8221;24px|||||&#8221; global_colors_info=&#8221;{}&#8221;][\/et_pb_video][\/et_pb_column][\/et_pb_row][et_pb_row _builder_version=&#8221;4.27.4&#8243; _module_preset=&#8221;default&#8221; global_colors_info=&#8221;{}&#8221;][et_pb_column type=&#8221;4_4&#8243; _builder_version=&#8221;4.27.4&#8243; _module_preset=&#8221;default&#8221; global_colors_info=&#8221;{}&#8221;][et_pb_text _builder_version=&#8221;4.27.4&#8243; _module_preset=&#8221;default&#8221; custom_margin=&#8221;-47px||27px|||&#8221; custom_padding=&#8221;||0px|||&#8221; global_colors_info=&#8221;{}&#8221;]<\/p>\n<ul>\n<li style=\"list-style-type: none;\">\n<ul>\n<li>Fachliche, institutionelle oder generische <a href=\"https:\/\/forschungsdaten.info\/themen\/veroeffentlichen-und-archivieren\/repositorien\/\" target=\"_blank\" rel=\"noopener\"><strong>Repositorien<\/strong> <\/a>(Speicherort f\u00fcr digitale Objekte, Archiv)<\/li>\n<li>Datenjournale<\/li>\n<li>zum Teilen innerhalb von Verbundprojekten ebenfalls empfohlen: Cloud-Dienste (eigene Hochschule oder Angebot der nieders\u00e4chsischen Academic Cloud)<\/li>\n<\/ul>\n<\/li>\n<\/ul>\n<p>Mit der Ver\u00f6ffentlichung von Daten m\u00fcssen Hinweise zu ihrer Nachnutzung gegeben werden. Dies geschieht \u00fcber die Vergabe von Lizenzen, wie z.B. die der <a href=\"https:\/\/forschungsdaten.info\/praxis-kompakt\/glossar\/#c269898\" target=\"_blank\" rel=\"noopener\"><strong>Creative Commons<\/strong><\/a>.<\/p>\n<p>Eine Datenver\u00f6ffentlichung kann auf verschiedenen Wegen erfolgen. Sofern keine rechtlichen Aspekte dagegen stehen, wird eine <a href=\"https:\/\/forschungsdaten.info\/themen\/finden-und-nachnutzen\/open-data-open-access-und-nachnutzung\/\" target=\"_blank\" rel=\"noopener\"><strong>Open Access<\/strong><\/a> Ver\u00f6ffentlichung besonders empfohlen, um die Daten einem gro\u00dfen Kreis an potenziellen Interessierten zuzuf\u00fchren.<\/p>\n<h3>Rechtliche Aspekte &amp; Ethik<\/h3>\n<p>Beim Teilen und Publizieren von Daten m\u00fcssen rechtliche und ethische Rahmenbedingungen eingehalten werden (siehe <a href=\"https:\/\/fdm-nds.de\/?page_id=3804\"><strong>Exkurs Rechtliche Aspekte im FDM<\/strong><\/a>).<\/p>\n<ul>\n<li style=\"list-style-type: none;\">\n<ul>\n<li>Zun\u00e4chst sollten die Forschungsfolgen und ethischen Aspekte bewertet werden.<\/li>\n<li>Die Eigentums- und Urheberrechte der Daten m\u00fcssen gekl\u00e4rt sein, bevor eine Ver\u00f6ffentlichung erfolgen kann.<\/li>\n<li>Vertragliche Regelungen und Geheimhaltungsvereinbarungen mit Dritten sind zu beachten.<\/li>\n<li>Forschungsergebnisse, die Patentanmeldungen betreffen, sollten nicht ver\u00f6ffentlicht werden.<\/li>\n<li>F\u00fcr personenbezogene Daten ist ein Ethikvotum oder eine Einwilligungserkl\u00e4rung notwendig, und die Datensicherheit muss durch Anonymisierung, Pseudonymisierung oder Sicherheitsstandards wie ISO27001 gew\u00e4hrleistet sein.<\/li>\n<li>Je nach Fachdisziplin k\u00f6nnen weitere rechtliche oder ethische Aspekte bei der Abw\u00e4gung einer Datenver\u00f6ffentlichung eine Rolle spielen. Zum Beispiel in der Biodiversit\u00e4tsforschung k\u00f6nnen dies Aspekte des Artenschutzes sein, aus welchen m\u00f6glicherweise eine Ver\u00f6ffentlichung der exakten Koordinaten von Artenvorkommen nicht zul\u00e4ssig ist.<\/li>\n<\/ul>\n<\/li>\n<\/ul>\n<p>[\/et_pb_text][et_pb_divider _builder_version=&#8221;4.27.4&#8243; _module_preset=&#8221;default&#8221; width=&#8221;33%&#8221; custom_margin=&#8221;-30px||1px|||&#8221; global_colors_info=&#8221;{}&#8221;][\/et_pb_divider][et_pb_text _builder_version=&#8221;4.27.4&#8243; _module_preset=&#8221;default&#8221; global_colors_info=&#8221;{}&#8221;]<\/p>\n<p>[1] Deutsche Forschungsgemeinschaft (2022). Leitlinien zur Sicherung guter wissenschaftlicher Praxis. Kodex. <a href=\"https:\/\/doi.org\/10.5281\/zenodo.6472827\">https:\/\/doi.org\/10.5281\/zenodo.6472827<\/a>, Leitlinie 13: Herstellung von \u00f6ffentlichem Zugang zu Forschungsergebnissen<br \/>[2] <a href=\"https:\/\/www.tu-braunschweig.de\/forschung\/forschungsdaten-transparenz\/forschungsdaten\/grundkurs-forschungsdatenmanagement\/archivieren-publizieren-und-teilen-von-forschungsdaten\">https:\/\/www.tu-braunschweig.de\/forschung\/forschungsdaten-transparenz\/forschungsdaten\/grundkurs-forschungsdatenmanagement\/archivieren-publizieren-und-teilen-von-forschungsdaten<\/a><\/p>\n<p>[\/et_pb_text][et_pb_heading title=&#8221;Weiterf\u00fchrendes&#8221; _builder_version=&#8221;4.27.4&#8243; _module_preset=&#8221;default&#8221; title_level=&#8221;h3&#8243; custom_padding=&#8221;9px|||||&#8221; global_colors_info=&#8221;{}&#8221;][\/et_pb_heading][et_pb_accordion _builder_version=&#8221;4.27.4&#8243; _module_preset=&#8221;default&#8221; global_colors_info=&#8221;{}&#8221;][et_pb_accordion_item title=&#8221;Datenjournale: Liste von 135 Datenjournalen&#8221; open=&#8221;on&#8221; _builder_version=&#8221;4.27.4&#8243; _module_preset=&#8221;default&#8221; global_colors_info=&#8221;{}&#8221;]<\/p>\n<p>Kindling M und D Strecker (2022): List of data journals (1.0) [Data set]. Zenodo, <a href=\"https:\/\/doi.org\/10.5281\/zenodo.7082126\" rel=\"noopener\" target=\"_blank\">doi.org\/10.5281\/zenodo.7082126<\/a><\/p>\n<p>[\/et_pb_accordion_item][et_pb_accordion_item title=&#8221;Entscheidungshilfe zur Ver\u00f6ffentlichung von Forschungsdaten&#8221; _builder_version=&#8221;4.27.4&#8243; _module_preset=&#8221;default&#8221; global_colors_info=&#8221;{}&#8221; open=&#8221;off&#8221;]<\/p>\n<p>Schleu\u00dfinger, M und J Rex (2019): Forschungsdaten ver\u00f6ffentlichen? Die wichtisten rechtlichen Aspekte. Zenodo, <a href=\"https:\/\/doi.org\/10.5281\/zenodo.3368293\" rel=\"noopener\" target=\"_blank\">doi.org\/10.5281\/zenodo.3368293<\/a><\/p>\n<p>[\/et_pb_accordion_item][et_pb_accordion_item title=&#8221;Exkurs: Repositorien suchen und ausw\u00e4hlen&#8221; _builder_version=&#8221;4.27.4&#8243; _module_preset=&#8221;default&#8221; global_colors_info=&#8221;{}&#8221; open=&#8221;off&#8221;]<\/p>\n<p><strong><a href=\"https:\/\/fdm-nds.de\/index.php\/exkurs-repositorien-suchen-und-auswahlen\/\" target=\"_blank\" rel=\"noopener\">Exkurs: Repositorien suchen und ausw\u00e4hlen<\/a><\/strong><\/p>\n<p>[\/et_pb_accordion_item][et_pb_accordion_item title=&#8221;Kurzvideos zu Open Access und Lizenzen&#8221; _builder_version=&#8221;4.27.4&#8243; _module_preset=&#8221;default&#8221; global_colors_info=&#8221;{}&#8221; open=&#8221;off&#8221;]<\/p>\n<p>TIB Technische Informationsbibliothek (2021): open-access.network. TIB AV-Portal, <a href=\"https:\/\/doi.org\/10.5446\/s_965\" rel=\"noopener\" target=\"_blank\">doi.org\/10.5446\/s_965<\/a><\/p>\n<p>[\/et_pb_accordion_item][et_pb_accordion_item title=&#8221;Metadatenstandards: Auflistung nach Disziplinen&#8221; _builder_version=&#8221;4.27.4&#8243; _module_preset=&#8221;default&#8221; global_colors_info=&#8221;{}&#8221; open=&#8221;off&#8221;]<\/p>\n<p>DCC Digital Curation Centre: Disciplinary Metadata. <a href=\"http:\/\/www.dcc.ac.uk\/resources\/metadata-standards\" rel=\"noopener\" target=\"_blank\">Link<\/a><\/p>\n<p>[\/et_pb_accordion_item][et_pb_accordion_item title=&#8221;Metadatenstandards: Katalog der RDA, inkl. disziplinspezifischer Suchm\u00f6glichkeiten&#8221; _builder_version=&#8221;4.27.4&#8243; _module_preset=&#8221;default&#8221; global_colors_info=&#8221;{}&#8221; open=&#8221;off&#8221;]<\/p>\n<p>RDA Research Data Alliance: Metadata Standards Catalog. <a href=\"https:\/\/rdamsc.bath.ac.uk\/\" rel=\"noopener\" target=\"_blank\">Link<\/a><\/p>\n<p>[\/et_pb_accordion_item][et_pb_accordion_item title=&#8221;Open Access und Open-Content-Lizenzen: Informationen zum Umgang und g\u00e4nige Lizenzmodelle&#8221; _builder_version=&#8221;4.27.4&#8243; _module_preset=&#8221;default&#8221; global_colors_info=&#8221;{}&#8221; open=&#8221;off&#8221;]<\/p>\n<p>Open-access.network: Open-Content-Lizenzen. G\u00e4ngige Lizenzmodelle. <a href=\"https:\/\/open-access.network\/informieren\/rechtsfragen\/lizenzen\" rel=\"noopener\" target=\"_blank\">Link<\/a><\/p>\n<p>[\/et_pb_accordion_item][et_pb_accordion_item title=&#8221;Repositorium GRO.data in der AcademicCloud&#8221; _builder_version=&#8221;4.27.4&#8243; _module_preset=&#8221;default&#8221; global_colors_info=&#8221;{}&#8221; open=&#8221;off&#8221;]<\/p>\n<div class=\"accordion__panel\" id=\"accordion-panel-695bd9da24bc4\" aria-labelledby=\"accordion-tab-695bd9da24bc4\" role=\"tabpanel\" data-accordion-item-panel=\"\">\n<div class=\"accordion__panel-inner\">\n<p><em>Wir empfehlen prim\u00e4r die Verwendung fachspezifischer Repositorien f\u00fcr die Publikation von Forschungsdaten (siehe <a href=\"https:\/\/fdm-nds-haw.hawk.de\/de\/fdm-ressourcen\/exkurs-repositorien-suchen-und-auswaehlen\"><strong>Exkurs: Repositorien suchen und ausw\u00e4hlen<\/strong><\/a>). Ist dies nicht m\u00f6glich, k\u00f6nnen institutionelle oder generische Repositorien genutzt werden.<br \/>GRO.data ist ein generisches Repositorium, welches von der GWDG gehostet wird und den nieders\u00e4chsischen Hochschulen zur Verf\u00fcgung steht. Die nieders\u00e4chsischen HAWen haben jeweils eigene institutionelle Repositorien in GRO.data angelegt. F\u00fcr weitere Informationen stehen die <a href=\"https:\/\/fdm-nds.de\/index.php\/saeule_2\/\" target=\"_blank\" rel=\"noopener\"><strong>Ansprechpersonen der einzelnen Einrichtungen<\/strong><\/a> zur Verf\u00fcgung.<br \/>Forschende aus nieders\u00e4chsischen Hochschulen, die kein institutionelles Repositorium im GRO.data bereitstellen, k\u00f6nnen den Service trotzdem nutzen.<\/em><\/p>\n<p><a href=\"https:\/\/academiccloud.de\/services\/grodata\" rel=\"noopener\" target=\"_blank\">https:\/\/academiccloud.de\/services\/grodata<\/a><\/p>\n<\/div>\n<\/div>\n<p>[\/et_pb_accordion_item][et_pb_accordion_item title=&#8221;Schwere Entscheidung \u2013 Wie gehe ich mit Metadaten um?&#8221; _builder_version=&#8221;4.27.4&#8243; _module_preset=&#8221;default&#8221; global_colors_info=&#8221;{}&#8221; open=&#8221;off&#8221;]<\/p>\n<p>Ein Entscheidungsbaum zum Thema Metadaten, um einen vereinfachten Einstieg in das Thema zu gew\u00e4hrleisten.<br \/>Meyer J, Schmidt D, Agniashvili A und S Celikten (2025): Schwere Entscheidung \u2013 Wie gehe ich mit Metadaten um?. Zenodo. <a href=\"https:\/\/doi.org\/10.5281\/zenodo.15396321\" target=\"_blank\" rel=\"noopener\">doi.org\/10.5281\/zenodo.15396321<\/a><\/p>\n<p>[\/et_pb_accordion_item][\/et_pb_accordion][\/et_pb_column][\/et_pb_row][\/et_pb_section]<\/p>\n","protected":false},"excerpt":{"rendered":"<p>Einf\u00fchrung Forschungsdaten sind die Basis von Erkenntnissen und wissenschaftlichem Fortschritt. Im Forschungsprozess erhobene bzw. erzeugte Daten sind nicht nur f\u00fcr die eigene Arbeit relevant, sondern auch f\u00fcr Andere. Einerseits findet Forschung oftmals im Verbund mit anderen Forschenden und weiteren Partnereinrichtungen statt, dann m\u00fcssen Daten \u00fcber Einrichtungs- und L\u00e4ndergrenzen hinweg geteilt und ausgetauscht werden, damit sie [&hellip;]<\/p>\n","protected":false},"author":7,"featured_media":0,"parent":0,"menu_order":0,"comment_status":"closed","ping_status":"closed","template":"","meta":{"_et_pb_use_builder":"on","_et_pb_old_content":"","_et_gb_content_width":"","footnotes":""},"class_list":["post-3684","page","type-page","status-publish","hentry"],"_links":{"self":[{"href":"https:\/\/fdm-nds.de\/index.php\/wp-json\/wp\/v2\/pages\/3684","targetHints":{"allow":["GET"]}}],"collection":[{"href":"https:\/\/fdm-nds.de\/index.php\/wp-json\/wp\/v2\/pages"}],"about":[{"href":"https:\/\/fdm-nds.de\/index.php\/wp-json\/wp\/v2\/types\/page"}],"author":[{"embeddable":true,"href":"https:\/\/fdm-nds.de\/index.php\/wp-json\/wp\/v2\/users\/7"}],"replies":[{"embeddable":true,"href":"https:\/\/fdm-nds.de\/index.php\/wp-json\/wp\/v2\/comments?post=3684"}],"version-history":[{"count":15,"href":"https:\/\/fdm-nds.de\/index.php\/wp-json\/wp\/v2\/pages\/3684\/revisions"}],"predecessor-version":[{"id":4615,"href":"https:\/\/fdm-nds.de\/index.php\/wp-json\/wp\/v2\/pages\/3684\/revisions\/4615"}],"wp:attachment":[{"href":"https:\/\/fdm-nds.de\/index.php\/wp-json\/wp\/v2\/media?parent=3684"}],"curies":[{"name":"wp","href":"https:\/\/api.w.org\/{rel}","templated":true}]}}