{"id":487,"date":"2024-05-13T10:31:40","date_gmt":"2024-05-13T10:31:40","guid":{"rendered":"https:\/\/fdm-nds.de\/?page_id=487"},"modified":"2026-03-26T14:58:43","modified_gmt":"2026-03-26T14:58:43","slug":"saeule_2","status":"publish","type":"page","link":"https:\/\/fdm-nds.de\/index.php\/saeule_2\/","title":{"rendered":"S\u00e4ule 2"},"content":{"rendered":"<p>[et_pb_section fb_built=&#8221;1&#8243; admin_label=&#8221;Resources&#8221; _builder_version=&#8221;4.24.2&#8243; _module_preset=&#8221;default&#8221; custom_margin=&#8221;||0px||false|false&#8221; custom_padding=&#8221;||0px||false|false&#8221; global_colors_info=&#8221;{}&#8221;][et_pb_row column_structure=&#8221;1_2,1_2&#8243; make_equal=&#8221;on&#8221; _builder_version=&#8221;4.24.2&#8243; _module_preset=&#8221;default&#8221; custom_padding=&#8221;0px|||||&#8221; global_colors_info=&#8221;{}&#8221;][et_pb_column type=&#8221;1_2&#8243; _builder_version=&#8221;4.24.2&#8243; _module_preset=&#8221;default&#8221; background_color=&#8221;#8D2757&#8243; custom_padding=&#8221;56px|60px|56px|60px|true|true&#8221; custom_padding_tablet=&#8221;|30px||30px|false|true&#8221; custom_padding_phone=&#8221;|20px||20px|false|true&#8221; custom_padding_last_edited=&#8221;on|desktop&#8221; global_colors_info=&#8221;{}&#8221;][et_pb_text _builder_version=&#8221;4.24.2&#8243; _module_preset=&#8221;c34dec4a-f76d-4c50-bb7e-b3aa21f11d19&#8243; header_font=&#8221;||||||||&#8221; header_4_font=&#8221;|700|||||||&#8221; header_4_text_color=&#8221;#FFFFFF&#8221; header_4_font_size=&#8221;22px&#8221; header_4_line_height=&#8221;1.3em&#8221; custom_margin=&#8221;||0px||false|false&#8221; header_4_font_size_tablet=&#8221;18px&#8221; header_4_font_size_phone=&#8221;15px&#8221; header_4_font_size_last_edited=&#8221;on|desktop&#8221; locked=&#8221;off&#8221; global_colors_info=&#8221;{}&#8221;]<\/p>\n<h4>S\u00e4ule 2<\/h4>\n<p>[\/et_pb_text][et_pb_text _builder_version=&#8221;4.24.2&#8243; _module_preset=&#8221;a8409e17-25cb-454e-bc3b-ac1717bd963d&#8221; header_font=&#8221;||||||||&#8221; header_3_font=&#8221;|700|||||||&#8221; header_3_text_color=&#8221;#FFFFFF&#8221; header_3_font_size=&#8221;32px&#8221; header_3_line_height=&#8221;1.4em&#8221; custom_margin=&#8221;||0px||false|false&#8221; header_3_font_size_tablet=&#8221;20px&#8221; header_3_font_size_phone=&#8221;18px&#8221; header_3_font_size_last_edited=&#8221;on|phone&#8221; locked=&#8221;off&#8221; global_colors_info=&#8221;{}&#8221;]<\/p>\n<h3>Aufbau der Basisf\u00e4higkeiten im FDM f\u00fcr Hochschulen aus der Kategorie <span><strong>\u201e<\/strong><\/span>Basisaufbau<span><strong>\u201c<\/strong><\/span><\/h3>\n<p>[\/et_pb_text][et_pb_text _builder_version=&#8221;4.24.2&#8243; _module_preset=&#8221;102bef9d-a6b9-41f0-af77-1ed5b7bd0593&#8243; text_font=&#8221;||||||||&#8221; text_text_color=&#8221;#FFFFFF&#8221; text_font_size=&#8221;16px&#8221; text_line_height=&#8221;1.8em&#8221; text_font_size_tablet=&#8221;15px&#8221; text_font_size_phone=&#8221;14px&#8221; text_font_size_last_edited=&#8221;on|desktop&#8221; locked=&#8221;off&#8221; global_colors_info=&#8221;{}&#8221;]<\/p>\n<p>In der S\u00e4ule 2 werden insgesamt 10 Hochschulen gef\u00f6rdert, die sich den lokalen Aufbau der notwendigen Grundlagen des FDM zum Ziel gesetzt haben. Die Umsetzung erfolgt durch jeweils eine feste Person, die als Multiplikator*in am Standort angesiedelt ist.<\/p>\n<p>Dabei relevante Aspekte sind:<\/p>\n<ul>\n<li>Herausbildung von Governancestrukturen inklusive institutionelle Forschungsdaten-Policy<\/li>\n<li>Beratung und Koordination des FDM vor Ort<\/li>\n<li>Nutzerfreundliche FDM-Portale<\/li>\n<li>Bereitstellung grundlegender technischer Infrastruktur<\/li>\n<\/ul>\n<p>Die Aktivit\u00e4ten in der S\u00e4ule 2 sind eng mit den Arbeiten des Projekts <span style=\"text-decoration: underline; color: #ffffff;\"><strong><a href=\"https:\/\/fdm-nds-haw.hawk.de\/de\" target=\"_blank\" rel=\"noopener\" style=\"color: #ffffff; text-decoration: underline;\">FDM-ndsHAW<\/a><\/strong><\/span> sowie den Arbeiten in der <span style=\"text-decoration: underline; color: #ffffff;\"><strong><a href=\"https:\/\/fdm-nds.de\/index.php\/saeule_1\" target=\"_blank\" rel=\"noopener\" style=\"color: #ffffff; text-decoration: underline;\">S\u00e4ule 1<\/a><\/strong><\/span> verkn\u00fcpft.<\/p>\n<p><span>Die S\u00e4ule 2 wird koordiniert von der <a href=\"https:\/\/www.hawk.de\/de\" target=\"_blank\" rel=\"noopener\"><strong><span style=\"text-decoration: underline; color: #ffffff;\">HAWK \u2013 Hochschule f\u00fcr angewandte Wissenschaft und Kunst Hildesheim\/Holzminden\/G\u00f6ttingen<\/span><\/strong><\/a>. In der Koordinationsstelle liegt der Fokus auf dem Aufbau zentraler Strukturen und der Bereitstellung von FDM-Know-how sowie der B<\/span>egleitung und Schulung der Multiplikator*innen.<\/p>\n<p>[\/et_pb_text][\/et_pb_column][et_pb_column type=&#8221;1_2&#8243; _builder_version=&#8221;4.16&#8243; _module_preset=&#8221;default&#8221; background_color=&#8221;#111821&#8243; background_enable_color=&#8221;off&#8221; custom_padding=&#8221;56px||56px||true|false&#8221; custom_padding_tablet=&#8221;||||false|true&#8221; custom_padding_phone=&#8221;|20px||20px|false|true&#8221; custom_padding_last_edited=&#8221;off|tablet&#8221; global_colors_info=&#8221;{}&#8221;][et_pb_heading title=&#8221;Kontakt zur Koordinationsstelle&#8221; _builder_version=&#8221;4.24.2&#8243; _module_preset=&#8221;default&#8221; title_font=&#8221;Quicksand||||||||&#8221; custom_margin=&#8221;||||false|false&#8221; global_colors_info=&#8221;{}&#8221;][\/et_pb_heading][et_pb_text _builder_version=&#8221;4.27.4&#8243; _module_preset=&#8221;102bef9d-a6b9-41f0-af77-1ed5b7bd0593&#8243; text_font=&#8221;||||||||&#8221; text_text_color=&#8221;#000000&#8243; text_font_size=&#8221;16px&#8221; text_line_height=&#8221;1.8em&#8221; header_4_text_align=&#8221;left&#8221; custom_margin=&#8221;-27px||||false|false&#8221; custom_padding=&#8221;||4px|||&#8221; text_font_size_tablet=&#8221;15px&#8221; text_font_size_phone=&#8221;14px&#8221; text_font_size_last_edited=&#8221;on|desktop&#8221; locked=&#8221;off&#8221; global_colors_info=&#8221;{}&#8221;]<\/p>\n<p>Diana Schmidt (Projektkoordination)<br \/>Ana Agniashvili (Beratung und Kommunikation)<br \/>Jule Meyer (Technische Services und Tools)<\/p>\n<p>[\/et_pb_text][et_pb_heading title=&#8221;Kontakt in den Hochschulen&#8221; _builder_version=&#8221;4.24.2&#8243; _module_preset=&#8221;default&#8221; title_font=&#8221;Quicksand||||||||&#8221; custom_margin=&#8221;||0px||false|false&#8221; global_colors_info=&#8221;{}&#8221;][\/et_pb_heading][et_pb_text _builder_version=&#8221;4.24.2&#8243; _module_preset=&#8221;default&#8221; global_colors_info=&#8221;{}&#8221;]<\/p>\n<p>Sollten Sie sich nicht sicher sein, wer Ihre Kontaktperson ist und Sie nicht wissen, wie Sie diese erreichen, kontaktieren Sie uns unter: <span style=\"color: #ff0000;\">info@fdm-nds.de<\/span><\/p>\n<p>[\/et_pb_text][et_pb_accordion open_toggle_text_color=&#8221;#FFFFFF&#8221; toggle_icon=&#8221;&#x3b;||divi||400&#8243; icon_color=&#8221;#FFFFFF&#8221; _builder_version=&#8221;4.27.4&#8243; _module_preset=&#8221;default&#8221; toggle_text_color=&#8221;#FFFFFF&#8221; body_text_color=&#8221;#FFFFFF&#8221; global_colors_info=&#8221;{}&#8221;][et_pb_accordion_item title=&#8221;Hochschule Emden\/Leer&#8221; open=&#8221;on&#8221; open_toggle_text_color=&#8221;#FFFFFF&#8221; _builder_version=&#8221;4.27.4&#8243; _module_preset=&#8221;default&#8221; body_text_color=&#8221;#FFFFFF&#8221; background_color=&#8221;#313191&#8243; background_enable_color=&#8221;on&#8221; custom_margin=&#8221;||0px||false|false&#8221; global_colors_info=&#8221;{}&#8221; toggle_text_color=&#8221;#FFFFFF&#8221;]<\/p>\n<p>Vanessa Bischoff<\/p>\n<p>[\/et_pb_accordion_item][et_pb_accordion_item title=&#8221;Hochschule f\u00fcr angewandte Wissenschaft und Kunst Hildesheim\/Holzminden\/G\u00f6ttingen&#8221; _builder_version=&#8221;4.24.2&#8243; _module_preset=&#8221;default&#8221; background_color=&#8221;#432f85&#8243; background_enable_color=&#8221;on&#8221; custom_margin=&#8221;||0px||false|false&#8221; global_colors_info=&#8221;{}&#8221; open=&#8221;off&#8221;]<\/p>\n<p>Dr. Elisavet Kanaki<\/p>\n<p>[\/et_pb_accordion_item][et_pb_accordion_item title=&#8221;Hochschule f\u00fcr Musik, Theater und Medien Hannover&#8221; _builder_version=&#8221;4.27.4&#8243; _module_preset=&#8221;default&#8221; background_color=&#8221;#562d7a&#8221; background_enable_color=&#8221;on&#8221; custom_margin=&#8221;||0px||false|false&#8221; global_colors_info=&#8221;{}&#8221; open=&#8221;off&#8221;]<\/p>\n<p>Samuel Mund<\/p>\n<p>[\/et_pb_accordion_item][et_pb_accordion_item title=&#8221;Hochschule Hannover&#8221; _builder_version=&#8221;4.27.4&#8243; _module_preset=&#8221;default&#8221; background_color=&#8221;#682b6e&#8221; background_enable_color=&#8221;on&#8221; custom_margin=&#8221;||0px||false|false&#8221; global_colors_info=&#8221;{}&#8221; open=&#8221;off&#8221;]<\/p>\n<p>Sebastian Lehmann<\/p>\n<p>[\/et_pb_accordion_item][et_pb_accordion_item title=&#8221;Hochschule Osnabr\u00fcck&#8221; open_toggle_text_color=&#8221;#FFFFFF&#8221; _builder_version=&#8221;4.24.2&#8243; _module_preset=&#8221;default&#8221; body_text_color=&#8221;#FFFFFF&#8221; background_color=&#8221;#7b2963&#8243; background_enable_color=&#8221;on&#8221; custom_margin=&#8221;||0px||false|false&#8221; global_colors_info=&#8221;{}&#8221; toggle_text_color=&#8221;#FFFFFF&#8221; open=&#8221;off&#8221;]<\/p>\n<p>Kathrin Schmitt<\/p>\n<p>[\/et_pb_accordion_item][et_pb_accordion_item title=&#8221;Jade Hochschule Wilhelmshaven\/Oldenburg\/Elsfleth&#8221; _builder_version=&#8221;4.24.2&#8243; _module_preset=&#8221;default&#8221; background_color=&#8221;#8d2757&#8243; background_enable_color=&#8221;on&#8221; custom_margin=&#8221;||0px||false|false&#8221; global_colors_info=&#8221;{}&#8221; open=&#8221;off&#8221;]<\/p>\n<p>D\u00f6rthe Schulz<br \/>Olimpia Michalski<\/p>\n<p>[\/et_pb_accordion_item][et_pb_accordion_item title=&#8221;Medizinische Hochschule Hannover&#8221; _builder_version=&#8221;4.27.4&#8243; _module_preset=&#8221;default&#8221; background_color=&#8221;#9f254d&#8221; background_enable_color=&#8221;on&#8221; custom_margin=&#8221;||0px||false|false&#8221; global_colors_info=&#8221;{}&#8221; open=&#8221;off&#8221;]<\/p>\n<p>Dr. Erik Tute<br \/>Aljoscha Erlebach<\/p>\n<p>[\/et_pb_accordion_item][et_pb_accordion_item title=&#8221;Ostfalia Hochschule f\u00fcr angewandte Wissenschaft&#8221; _builder_version=&#8221;4.24.2&#8243; _module_preset=&#8221;default&#8221; background_color=&#8221;#b12344&#8243; background_enable_color=&#8221;on&#8221; custom_margin=&#8221;||0px||false|false&#8221; global_colors_info=&#8221;{}&#8221; open=&#8221;off&#8221;]<\/p>\n<p>Judith Emrich und Gabriele Stiller<\/p>\n<p>[\/et_pb_accordion_item][et_pb_accordion_item title=&#8221;Stiftung Tier\u00e4rztliche Hochschule Hannover&#8221; _builder_version=&#8221;4.24.2&#8243; _module_preset=&#8221;default&#8221; background_color=&#8221;#d61f31&#8243; background_enable_color=&#8221;on&#8221; custom_margin=&#8221;||0px||false|false&#8221; global_colors_info=&#8221;{}&#8221; open=&#8221;off&#8221;]<\/p>\n<p>Dr. Max Hassenstein<\/p>\n<p>[\/et_pb_accordion_item][et_pb_accordion_item title=&#8221;Technische Universit\u00e4t Clausthal&#8221; _builder_version=&#8221;4.24.2&#8243; _module_preset=&#8221;default&#8221; background_color=&#8221;#E81C27&#8243; background_enable_color=&#8221;on&#8221; custom_margin=&#8221;||0px||false|false&#8221; global_colors_info=&#8221;{}&#8221; open=&#8221;off&#8221;]<\/p>\n<p>Jessica Hiller<\/p>\n<p>[\/et_pb_accordion_item][\/et_pb_accordion][\/et_pb_column][\/et_pb_row][et_pb_row _builder_version=&#8221;4.24.2&#8243; _module_preset=&#8221;default&#8221; global_colors_info=&#8221;{}&#8221;][et_pb_column type=&#8221;4_4&#8243; _builder_version=&#8221;4.24.2&#8243; _module_preset=&#8221;default&#8221; global_colors_info=&#8221;{}&#8221;][et_pb_image src=&#8221;https:\/\/fdm-nds.de\/wp-content\/uploads\/2026\/01\/Niedersachsenkarte_Saule2_V03-scaled.png&#8221; title_text=&#8221;Niedersachsenkarte_S\u00e4ule2_V03&#8243; _builder_version=&#8221;4.27.4&#8243; _module_preset=&#8221;default&#8221; custom_margin=&#8221;-25px||||false|false&#8221; global_colors_info=&#8221;{}&#8221;][\/et_pb_image][\/et_pb_column][\/et_pb_row][\/et_pb_section][et_pb_section fb_built=&#8221;1&#8243; _builder_version=&#8221;4.24.2&#8243; _module_preset=&#8221;default&#8221; custom_margin=&#8221;0px||||false|false&#8221; custom_padding=&#8221;0px||||false|false&#8221; global_colors_info=&#8221;{}&#8221;][et_pb_row _builder_version=&#8221;4.24.2&#8243; _module_preset=&#8221;default&#8221; global_colors_info=&#8221;{}&#8221;][et_pb_column type=&#8221;4_4&#8243; _builder_version=&#8221;4.24.2&#8243; _module_preset=&#8221;default&#8221; global_colors_info=&#8221;{}&#8221;][et_pb_image title_text=&#8221;20250617_DS-Workshop_Bild2&#8243; _builder_version=&#8221;4.27.6&#8243; _module_preset=&#8221;default&#8221; width=&#8221;100%&#8221; module_alignment=&#8221;center&#8221; hover_enabled=&#8221;0&#8243; custom_css_after=&#8221;content:%22\u24b8 Hochschule Hannover %22; position:absolute; top:97%; left: 83%; font-style: italic; color: white&#8221; border_radii=&#8221;on|5px|5px|5px|5px&#8221; global_colors_info=&#8221;{}&#8221; alt=&#8221;Data Stewards Juni 2026&#8243; sticky_enabled=&#8221;0&#8243; src=&#8221;https:\/\/fdm-nds.de\/wp-content\/uploads\/2026\/03\/20250617_DS-Workshop_Bild2-e1774537090403.jpg&#8221;][\/et_pb_image][et_pb_text _builder_version=&#8221;4.27.6&#8243; _module_preset=&#8221;default&#8221; text_text_color=&#8221;#606060&#8243; custom_margin=&#8221;-25px||||false|false&#8221; hover_enabled=&#8221;0&#8243; global_colors_info=&#8221;{}&#8221; sticky_enabled=&#8221;0&#8243;]<\/p>\n<p>Treffen der Data Stewards in Oldenburg Juni 2025. (Es fehlen: Max Hassenstein und Jessica Hiller)<\/p>\n<p>[\/et_pb_text][\/et_pb_column][\/et_pb_row][\/et_pb_section]<\/p>\n","protected":false},"excerpt":{"rendered":"<p>S\u00e4ule 2Aufbau der Basisf\u00e4higkeiten im FDM f\u00fcr Hochschulen aus der Kategorie \u201eBasisaufbau\u201cIn der S\u00e4ule 2 werden insgesamt 10 Hochschulen gef\u00f6rdert, die sich den lokalen Aufbau der notwendigen Grundlagen des FDM zum Ziel gesetzt haben. Die Umsetzung erfolgt durch jeweils eine feste Person, die als Multiplikator*in am Standort angesiedelt ist. Dabei relevante Aspekte sind: Herausbildung von [&hellip;]<\/p>\n","protected":false},"author":2,"featured_media":0,"parent":0,"menu_order":0,"comment_status":"closed","ping_status":"closed","template":"","meta":{"_et_pb_use_builder":"on","_et_pb_old_content":"","_et_gb_content_width":"","footnotes":""},"class_list":["post-487","page","type-page","status-publish","hentry"],"_links":{"self":[{"href":"https:\/\/fdm-nds.de\/index.php\/wp-json\/wp\/v2\/pages\/487","targetHints":{"allow":["GET"]}}],"collection":[{"href":"https:\/\/fdm-nds.de\/index.php\/wp-json\/wp\/v2\/pages"}],"about":[{"href":"https:\/\/fdm-nds.de\/index.php\/wp-json\/wp\/v2\/types\/page"}],"author":[{"embeddable":true,"href":"https:\/\/fdm-nds.de\/index.php\/wp-json\/wp\/v2\/users\/2"}],"replies":[{"embeddable":true,"href":"https:\/\/fdm-nds.de\/index.php\/wp-json\/wp\/v2\/comments?post=487"}],"version-history":[{"count":38,"href":"https:\/\/fdm-nds.de\/index.php\/wp-json\/wp\/v2\/pages\/487\/revisions"}],"predecessor-version":[{"id":4723,"href":"https:\/\/fdm-nds.de\/index.php\/wp-json\/wp\/v2\/pages\/487\/revisions\/4723"}],"wp:attachment":[{"href":"https:\/\/fdm-nds.de\/index.php\/wp-json\/wp\/v2\/media?parent=487"}],"curies":[{"name":"wp","href":"https:\/\/api.w.org\/{rel}","templated":true}]}}