{"id":636,"date":"2024-05-22T08:49:31","date_gmt":"2024-05-22T08:49:31","guid":{"rendered":"https:\/\/fdm-nds.de\/?page_id=636"},"modified":"2025-12-10T13:25:12","modified_gmt":"2025-12-10T13:25:12","slug":"fair_award","status":"publish","type":"page","link":"https:\/\/fdm-nds.de\/index.php\/fair_award\/","title":{"rendered":"FAIR_Award"},"content":{"rendered":"<p>[et_pb_section fb_built=&#8221;1&#8243; _builder_version=&#8221;4.24.2&#8243; _module_preset=&#8221;default&#8221; min_height=&#8221;676.8px&#8221; custom_margin=&#8221;42px||28px||false|&#8221; custom_padding=&#8221;0px||3px||false|false&#8221; global_colors_info=&#8221;{}&#8221;][et_pb_row _builder_version=&#8221;4.24.2&#8243; _module_preset=&#8221;default&#8221; global_colors_info=&#8221;{}&#8221;][et_pb_column type=&#8221;4_4&#8243; _builder_version=&#8221;4.24.2&#8243; _module_preset=&#8221;default&#8221; global_colors_info=&#8221;{}&#8221;][et_pb_heading title=&#8221;FAIR Data and Software Award Lower Saxony 2025&#8243; _builder_version=&#8221;4.27.4&#8243; _module_preset=&#8221;default&#8221; title_text_align=&#8221;center&#8221; title_text_color=&#8221;#313191&#8243; global_colors_info=&#8221;{}&#8221;][\/et_pb_heading][et_pb_image src=&#8221;https:\/\/fdm-nds.de\/wp-content\/uploads\/2025\/05\/FAIR_Data_and_Software_Award_Logo_2025_v01.png&#8221; alt=&#8221;Logo des \u201eFAIR Data and Software Award Lower Saxony 2025\u201c. Links steht der Schriftzug \u201eFAIR Data and Software Award Lower Saxony 2025\u201c in wei\u00dfer Schrift auf einem Farbverlauf von Violett zu Rot. Rechts ist ein stilisierter Pferdekopf aus wei\u00dfen, verbundenen Punkten auf rotem Hintergrund dargestellt. Oben rechts steht \u201eFDM-NDS\u201c&#8221; title_text=&#8221;FAIR_Data_and_Software_Award_Logo_2025&#8243; _builder_version=&#8221;4.27.4&#8243; _module_preset=&#8221;default&#8221; max_width=&#8221;54%&#8221; module_alignment=&#8221;center&#8221; custom_margin=&#8221;-16px||||false|false&#8221; global_colors_info=&#8221;{}&#8221;][\/et_pb_image][et_pb_text _builder_version=&#8221;4.27.4&#8243; _module_preset=&#8221;default&#8221; locked=&#8221;off&#8221; global_colors_info=&#8221;{}&#8221;]<\/p>\n<p>Am 24. November 2025 wurde der FAIR Data and Software Award Lower Saxony im Rahmen der Data Days Niedersachsen verliehen. Wir bedanken uns herzlich bei <strong>Prof. Dr. York Sure-Vetter<\/strong>, der die Schirmherrschaft f\u00fcr den Award \u00fcbernommen hat, <strong>Prof. Dr.-Ing. habil. Manfred Krafczyk<\/strong>, Vizepr\u00e4sident f\u00fcr Digitalisierung und Nachhaltigkeit an der TU Braunschweig, f\u00fcr seine motivierende Begr\u00fc\u00dfung, sowie bei <strong>Prof. Dr. Norbert Lossau<\/strong> von der Hochschule.digital Niedersachsen f\u00fcr die feierliche \u00dcbergabe des Awards an die Preistr\u00e4gerinnen und Preistr\u00e4ger.<\/p>\n<p>Der Award wurde in drei Kategorien vergeben: <strong>Dataset<\/strong>\u00a0und <strong>Software<\/strong>, jeweils mit einem Preisgeld von 4500 \u20ac dotiert, sowie ein erstmalig vergebener <strong>Sonderpreis<\/strong>, dotiert mit 500 \u20ac.<\/p>\n<p>[\/et_pb_text][\/et_pb_column][\/et_pb_row][\/et_pb_section][et_pb_section fb_built=&#8221;1&#8243; _builder_version=&#8221;4.24.2&#8243; _module_preset=&#8221;default&#8221; custom_margin=&#8221;0px||0px||false|false&#8221; custom_padding=&#8221;0px||0px||false|false&#8221; locked=&#8221;off&#8221; global_colors_info=&#8221;{}&#8221;][et_pb_row column_structure=&#8221;3_5,2_5&#8243; _builder_version=&#8221;4.24.2&#8243; _module_preset=&#8221;default&#8221; global_colors_info=&#8221;{}&#8221;][et_pb_column type=&#8221;3_5&#8243; _builder_version=&#8221;4.24.2&#8243; _module_preset=&#8221;default&#8221; global_colors_info=&#8221;{}&#8221;][et_pb_text _builder_version=&#8221;4.24.2&#8243; _module_preset=&#8221;default&#8221; header_3_text_color=&#8221;#313191&#8243; custom_margin=&#8221;0px||0px||false|false&#8221; custom_padding=&#8221;0px||0px||false|false&#8221; global_colors_info=&#8221;{}&#8221;]<\/p>\n<h3>Kategorie Dataset<\/h3>\n<p>[\/et_pb_text][et_pb_text _builder_version=&#8221;4.27.4&#8243; _module_preset=&#8221;default&#8221; global_colors_info=&#8221;{}&#8221;]<\/p>\n<p style=\"text-align: left;\">In der Kategorie Dataset wurden:<\/p>\n<p style=\"text-align: center;\"><strong><span>Abdulraheem Salaymeh<\/span> (HAWK)<\/strong><br \/><strong><span>Prof. Stefan Holler<\/span>\u00a0 (HAWK)<\/strong><br \/><strong><span>Prof. Irene Peters<\/span> (Hafencity Universit\u00e4t Hamburg)<\/strong><\/p>\n<p>f\u00fcr ihre Datensatzver\u00f6ffentlichung:<\/p>\n<h4 style=\"text-align: center;\"><span><strong>Semantically<\/strong><\/span><strong>\u00a0<\/strong><strong>enriched<\/strong><strong>\u00a0<\/strong><strong>statewide<\/strong><strong>\u00a0<\/strong><strong>building<\/strong><strong>\u00a0<\/strong><strong>dataset<\/strong><strong>\u00a0<\/strong><strong>based<\/strong><strong> on <\/strong><strong>the<\/strong><strong> Lower <\/strong><strong>Saxony<\/strong><strong> 3D Building Model <\/strong><strong>fo<\/strong><strong>r<\/strong><strong> urban <\/strong><strong>planning<\/strong><strong>\u00a0<\/strong><strong>applications<\/strong><br \/><span style=\"color: #ff0000;\"><a href=\"https:\/\/doi.org\/10.5281\/zenodo.16741445\" target=\"_blank\" rel=\"noopener\" style=\"color: #ff0000;\">https:\/\/doi.org\/10.5281\/zenodo.16741445<\/a><\/span><\/h4>\n<p>ausgezeichnet.<\/p>\n<p>[\/et_pb_text][et_pb_button button_url=&#8221;https:\/\/events.academiccloud.de\/event\/152\/&#8221; url_new_window=&#8221;on&#8221; button_text=&#8221;Infos zur Award-Pr\u00e4sentation am 26.01.2026&#8243; button_alignment=&#8221;center&#8221; _builder_version=&#8221;4.27.4&#8243; _module_preset=&#8221;default&#8221; custom_button=&#8221;on&#8221; button_text_color=&#8221;#FFFFFF&#8221; button_bg_color=&#8221;#E81C27&#8243; button_border_color=&#8221;#E81C27&#8243; global_colors_info=&#8221;{}&#8221;][\/et_pb_button][\/et_pb_column][et_pb_column type=&#8221;2_5&#8243; _builder_version=&#8221;4.24.2&#8243; _module_preset=&#8221;default&#8221; global_colors_info=&#8221;{}&#8221;][et_pb_image src=&#8221;https:\/\/fdm-nds.de\/wp-content\/uploads\/2025\/11\/Data-scaled.jpg&#8221; title_text=&#8221;Dataset&#8221; show_in_lightbox=&#8221;on&#8221; _builder_version=&#8221;4.27.4&#8243; _module_preset=&#8221;default&#8221; min_height=&#8221;309.3px&#8221; custom_padding=&#8221;0px||2px||false|false&#8221; custom_css_after=&#8221;content:%22\u24b8 Henry Fiebig %22; position:absolute; top:96%; left: 70%; font-style: italic; color: white&#8221; border_radii=&#8221;on|5px|5px|5px|5px&#8221; global_colors_info=&#8221;{}&#8221;][\/et_pb_image][\/et_pb_column][\/et_pb_row][\/et_pb_section][et_pb_section fb_built=&#8221;1&#8243; _builder_version=&#8221;4.24.2&#8243; _module_preset=&#8221;default&#8221; custom_margin=&#8221;0px||0px||false|false&#8221; custom_padding=&#8221;0px||0px||false|false&#8221; locked=&#8221;off&#8221; global_colors_info=&#8221;{}&#8221;][et_pb_row column_structure=&#8221;3_5,2_5&#8243; _builder_version=&#8221;4.24.2&#8243; _module_preset=&#8221;default&#8221; custom_padding=&#8221;||1px|||&#8221; global_colors_info=&#8221;{}&#8221;][et_pb_column type=&#8221;3_5&#8243; _builder_version=&#8221;4.24.2&#8243; _module_preset=&#8221;default&#8221; global_colors_info=&#8221;{}&#8221;][et_pb_text _builder_version=&#8221;4.24.2&#8243; _module_preset=&#8221;default&#8221; header_3_text_color=&#8221;#313191&#8243; custom_margin=&#8221;0px||0px||false|false&#8221; custom_padding=&#8221;0px||0px||false|false&#8221; global_colors_info=&#8221;{}&#8221;]<\/p>\n<h3>Kategorie Software<\/h3>\n<p>[\/et_pb_text][et_pb_text _builder_version=&#8221;4.27.4&#8243; _module_preset=&#8221;default&#8221; hover_enabled=&#8221;0&#8243; global_colors_info=&#8221;{}&#8221; sticky_enabled=&#8221;0&#8243;]<\/p>\n<p style=\"text-align: left;\">In der Kategorie Software wurden:<\/p>\n<p style=\"text-align: center;\"><strong><span>Corinna Thoben<\/span> (TU Braunschweig)<\/strong><br \/><strong><span>Prof. Boas Pucker<\/span>\u00a0 (Universit\u00e4t Bonn)<\/strong><strong><br \/><\/strong><strong><\/strong><strong><\/strong><\/p>\n<p>f\u00fcr ihre Softwarever\u00f6ffentlichung:<\/p>\n<h4 style=\"text-align: center;\"><span><strong>basic<\/strong><\/span><strong>\u00a0<\/strong><strong>helix<\/strong><strong>-loop-helix (<\/strong><strong>bHLH<\/strong><strong>) <\/strong><strong>annotator<\/strong><br \/><a href=\"https:\/\/doi.org\/10.5281\/zenodo.7903959\" target=\"_blank\" rel=\"noopener\"><span style=\"color: #ff0000;\">https:\/\/doi.org\/10.5281\/zenodo.7903959<\/span><\/a><\/h4>\n<p>ausgezeichnet.<\/p>\n<p>[\/et_pb_text][et_pb_button button_url=&#8221;https:\/\/events.academiccloud.de\/event\/151\/&#8221; url_new_window=&#8221;on&#8221; button_text=&#8221;Infos zur Award-Pr\u00e4sentation am 20.01.2026&#8243; button_alignment=&#8221;center&#8221; _builder_version=&#8221;4.27.4&#8243; _module_preset=&#8221;default&#8221; custom_button=&#8221;on&#8221; button_text_color=&#8221;#FFFFFF&#8221; button_bg_color=&#8221;#313191&#8243; button_border_color=&#8221;#313191&#8243; global_colors_info=&#8221;{}&#8221;][\/et_pb_button][\/et_pb_column][et_pb_column type=&#8221;2_5&#8243; _builder_version=&#8221;4.24.2&#8243; _module_preset=&#8221;default&#8221; global_colors_info=&#8221;{}&#8221;][et_pb_image src=&#8221;https:\/\/fdm-nds.de\/wp-content\/uploads\/2025\/11\/Software-1024&#215;768.jpg&#8221; title_text=&#8221;Software&#8221; show_in_lightbox=&#8221;on&#8221; _builder_version=&#8221;4.27.4&#8243; _module_preset=&#8221;default&#8221; min_height=&#8221;306.3px&#8221; custom_padding=&#8221;0px||0px||false|false&#8221; custom_css_after=&#8221;content:%22\u24b8 Henry Fiebig %22; position:absolute; top:97%; left: 70%; font-style: italic; color: white&#8221; border_radii=&#8221;on|5px|5px|5px|5px&#8221; global_colors_info=&#8221;{}&#8221;][\/et_pb_image][\/et_pb_column][\/et_pb_row][\/et_pb_section][et_pb_section fb_built=&#8221;1&#8243; _builder_version=&#8221;4.24.2&#8243; _module_preset=&#8221;default&#8221; custom_margin=&#8221;0px||0px||false|false&#8221; custom_padding=&#8221;0px||0px||false|false&#8221; locked=&#8221;off&#8221; global_colors_info=&#8221;{}&#8221;][et_pb_row column_structure=&#8221;3_5,2_5&#8243; _builder_version=&#8221;4.24.2&#8243; _module_preset=&#8221;default&#8221; global_colors_info=&#8221;{}&#8221;][et_pb_column type=&#8221;3_5&#8243; _builder_version=&#8221;4.24.2&#8243; _module_preset=&#8221;default&#8221; global_colors_info=&#8221;{}&#8221;][et_pb_text _builder_version=&#8221;4.27.4&#8243; _module_preset=&#8221;default&#8221; header_3_text_color=&#8221;#313191&#8243; custom_margin=&#8221;0px||0px||false|false&#8221; custom_padding=&#8221;0px||0px||false|false&#8221; global_colors_info=&#8221;{}&#8221;]<\/p>\n<h3>Kategorie Sonderpreis<\/h3>\n<p>[\/et_pb_text][et_pb_text _builder_version=&#8221;4.27.4&#8243; _module_preset=&#8221;default&#8221; global_colors_info=&#8221;{}&#8221;]<\/p>\n<p style=\"text-align: left;\">In der Kategorie Sonderpreis wurden:<\/p>\n<p style=\"text-align: center;\"><strong><span>Prof. Dr. Astrid Lampert (TU Braunschweig)<\/span><br \/><span>\u00a0<\/span>Dr.-Ing. Thomas Rausch <span>(TU Braunschweig)<\/span><br \/><span>\u00a0<\/span>Dr.-Ing. Konrad B\u00e4rfuss <span>(TU Braunschweig)<\/span><br \/><span>\u00a0<\/span>Dipl.-Ing. Rudolf Hankers <span>(TU Braunschweig)<\/span><br \/><span>\u00a0<\/span>Dipl.-Ing. Mark Bitter <span>(TU Braunschweig)<\/span><br \/><span>\u00a0<\/span>Dr.-Ing. Thomas Feuerle <span>(TU Braunschweig)<\/span><br \/><span>\u00a0<\/span>Dipl.-Ing. Matthias Cremer <span>(TU Braunschweig)<\/span><br \/><span>\u00a0<\/span>Dipl.-Ing. Maik Angermann <span>(TU Braunschweig)<\/span><br \/><span>\u00a0<\/span>Dr.-Ing. Jonas Spoor <span>(TU Braunschweig)<\/span><\/strong><strong><\/strong><strong><\/strong><\/p>\n<p>f\u00fcr ihre Datensatzver\u00f6ffentlichung:<\/p>\n<h4 style=\"text-align: center;\"><span><strong>In-situ airborne measurements of atmospheric and sea surface parameters related to offshore wind parks in the German Bight<\/strong><\/span><br \/><a href=\"https:\/\/doi.org\/10.1594\/PANGAEA.955382\" target=\"_blank\" rel=\"noopener\"><span style=\"color: #ff0000;\">https:\/\/doi.org\/10.1594\/PANGAEA.955382<\/span><\/a><\/h4>\n<p>ausgezeichnet.<\/p>\n<p>[\/et_pb_text][et_pb_button button_url=&#8221;https:\/\/events.academiccloud.de\/event\/153\/&#8221; url_new_window=&#8221;on&#8221; button_text=&#8221;Infos zur Award-Pr\u00e4sentation am 19.01.2026&#8243; button_alignment=&#8221;center&#8221; _builder_version=&#8221;4.27.4&#8243; _module_preset=&#8221;default&#8221; custom_button=&#8221;on&#8221; button_text_color=&#8221;#FFFFFF&#8221; button_bg_color=&#8221;#562D72&#8243; button_border_color=&#8221;#562D72&#8243; global_colors_info=&#8221;{}&#8221;][\/et_pb_button][\/et_pb_column][et_pb_column type=&#8221;2_5&#8243; _builder_version=&#8221;4.24.2&#8243; _module_preset=&#8221;default&#8221; global_colors_info=&#8221;{}&#8221;][et_pb_image src=&#8221;https:\/\/fdm-nds.de\/wp-content\/uploads\/2025\/11\/Special-1024&#215;768.jpg&#8221; title_text=&#8221;Special&#8221; show_in_lightbox=&#8221;on&#8221; _builder_version=&#8221;4.27.4&#8243; _module_preset=&#8221;default&#8221; custom_padding=&#8221;40px||1px||false|false&#8221; custom_css_after=&#8221;content:%22\u24b8 Henry Fiebig %22; position:absolute; top:97%; left: 70%; font-style: italic; color: white&#8221; border_radii=&#8221;on|5px|5px|5px|5px&#8221; global_colors_info=&#8221;{}&#8221;][\/et_pb_image][\/et_pb_column][\/et_pb_row][et_pb_row disabled_on=&#8221;on|on|on&#8221; _builder_version=&#8221;4.27.4&#8243; _module_preset=&#8221;default&#8221; custom_margin=&#8221;0px||0px||false|false&#8221; custom_padding=&#8221;0px||1px||false|false&#8221; disabled=&#8221;on&#8221; global_colors_info=&#8221;{}&#8221;][et_pb_column type=&#8221;4_4&#8243; _builder_version=&#8221;4.24.2&#8243; _module_preset=&#8221;default&#8221; global_colors_info=&#8221;{}&#8221;][et_pb_text _builder_version=&#8221;4.24.2&#8243; _module_preset=&#8221;default&#8221; header_3_text_color=&#8221;#313191&#8243; global_colors_info=&#8221;{}&#8221;]<\/p>\n<h3>Weitere Eindr\u00fccke der Preisverleihung<\/h3>\n<p>[\/et_pb_text][et_pb_gallery gallery_ids=&#8221;1541,1542,1543,1545,1544,1530,1550,1538&#8243; show_title_and_caption=&#8221;off&#8221; _builder_version=&#8221;4.27.4&#8243; _module_preset=&#8221;default&#8221; custom_margin=&#8221;||0px||false|false&#8221; custom_padding=&#8221;||0px||false|false&#8221; border_radii=&#8221;on|5px|5px|5px|5px&#8221; global_colors_info=&#8221;{}&#8221;][\/et_pb_gallery][\/et_pb_column][\/et_pb_row][et_pb_row column_structure=&#8221;3_5,2_5&#8243; disabled_on=&#8221;on|on|on&#8221; _builder_version=&#8221;4.27.4&#8243; _module_preset=&#8221;default&#8221; background_color=&#8221;RGBA(255,255,255,0)&#8221; disabled=&#8221;on&#8221; locked=&#8221;off&#8221; global_colors_info=&#8221;{}&#8221;][et_pb_column type=&#8221;3_5&#8243; _builder_version=&#8221;4.24.2&#8243; _module_preset=&#8221;default&#8221; background_color=&#8221;RGBA(255,255,255,0)&#8221; z_index=&#8221;0&#8243; custom_padding=&#8221;10px||||false|false&#8221; border_radii=&#8221;on|5px|5px|5px|5px&#8221; global_colors_info=&#8221;{}&#8221;][et_pb_text _builder_version=&#8221;4.27.4&#8243; _module_preset=&#8221;default&#8221; text_text_color=&#8221;#000000&#8243; header_text_color=&#8221;#313191&#8243; header_3_text_color=&#8221;#313191&#8243; custom_margin=&#8221;||||false|false&#8221; custom_padding=&#8221;0px|10px|0px|10px|false|false&#8221; global_colors_info=&#8221;{}&#8221;]<\/p>\n<h3><strong>Ihre Chance auf Anerkennung und Preisgeld!<\/strong><\/h3>\n<p>FDM-NDS schreibt zum zweiten mal den <strong>FAIR Data and Software Award Lower Saxony<\/strong> aus und l\u00e4dt Sie herzlich ein, Ihre Beitr\u00e4ge bis zum <strong>10.08.2025<\/strong> einzureichen!<\/p>\n<h3><strong>Was suchen wir?<\/strong><\/h3>\n<p>Gesucht werden ver\u00f6ffentlichte Datens\u00e4tze und Software, die den <strong><a href=\"https:\/\/www.go-fair.org\/fair-principles\/\" target=\"_blank\" rel=\"noopener\">FAIR-Prinzipien<\/a><\/strong> oder den <a href=\"https:\/\/www.nature.com\/articles\/s41597-022-01710-x\" target=\"_blank\" rel=\"noopener\"><strong>FAIR4ResearchSoftware-Prinzipien<\/strong><\/a> entsprechen. Wir freuen uns \u00fcber Einreichungen aus allen Fachrichtungen \u2013 sei es aus den Geistes- und Sozialwissenschaften, Lebenswissenschaften, Naturwissenschaften oder Ingenieurwissenschaften. Pr\u00e4sentieren Sie uns Ihre herausragenden Daten und Softwareprojekte!<\/p>\n<h3><strong>Wer darf Beitr\u00e4ge einreichen?<\/strong><\/h3>\n<p>Einreichungen von Ver\u00f6ffentlichungen k\u00f6nnen von allen Wissenschaftlerinnen und Wissenschaftlern erfolgen, die Mitglied oder Angeh\u00f6rige*r einer nieders\u00e4chsischen Hochschule oder die an einer <span>au\u00dferuniversit\u00e4ren Forschungseinrichtung in Niedersachsen t\u00e4tig sind.<\/span><\/p>\n<h3><span><strong>Was ist der Preis?<\/strong><\/span><\/h3>\n<p>Die beste Daten- und die beste Softwarever\u00f6ffentlichung werden mit jeweils 4.500 \u20ac pr\u00e4miert. Zus\u00e4tzlich wird ein digitaler Badge verliehen. Die Preisverleihung findet im Rahmen der <strong><a href=\"https:\/\/fdm-nds.de\/index.php\/data-days-2025\/\" target=\"_blank\" rel=\"noopener\">Data Days Niedersachsen<\/a><\/strong> von FDM-NDS am 24. November 2025 in Braunschweig statt, wobei die Gewinnerinnen und Gewinner die Chance haben, ihre Arbeiten kurz vorzustellen. Weitere Informationen zur Ausschreibung und Details zur Einreichung k\u00f6nnen Sie den Teilnahmebedingungen entnehmen.<span><\/span><\/p>\n<h3><strong>Noch Fragen?<\/strong><\/h3>\n<p>Sie haben noch Fragen zum FAIR Data and Software Award Lower Saxony 2025? Kontaktieren Sie uns jederzeit unter <a href=\"mailto:info@fdm-nds.de\">info@fdm-nds.de<\/a><\/p>\n<p>Neugierige, wer im vergangenen Jahr mit dem Award ausgezeichnet wurde? <strong><a href=\"https:\/\/fdm-nds.de\/index.php\/fair_award_2024\/\" target=\"_blank\" rel=\"noopener\">Hier<\/a><\/strong> finden Sie mehr Informationen zur Preisverleihung 2024.<\/p>\n<p>[\/et_pb_text][et_pb_button button_url=&#8221;https:\/\/fdm-nds.de\/wp-content\/uploads\/2025\/06\/Teilnahmebedingungen_FAIR_Data_and_Software_Award_2025_DEU_final.pdf&#8221; url_new_window=&#8221;on&#8221; button_text=&#8221;Informationen zur Teilnahme und den Teilnahmebedingungen&#8221; button_alignment=&#8221;center&#8221; _builder_version=&#8221;4.27.4&#8243; _module_preset=&#8221;default&#8221; custom_button=&#8221;on&#8221; button_text_color=&#8221;#FFFFFF&#8221; button_bg_color=&#8221;#E81C27&#8243; button_border_radius=&#8221;5px&#8221; custom_margin=&#8221;||||false|false&#8221; custom_padding=&#8221;||||false|false&#8221; global_colors_info=&#8221;{}&#8221;][\/et_pb_button][\/et_pb_column][et_pb_column type=&#8221;2_5&#8243; _builder_version=&#8221;4.24.2&#8243; _module_preset=&#8221;default&#8221; background_color=&#8221;RGBA(255,255,255,0)&#8221; z_index=&#8221;0&#8243; custom_padding=&#8221;10px||||false|false&#8221; border_radii=&#8221;on|5px|5px|5px|5px&#8221; global_colors_info=&#8221;{}&#8221;][et_pb_image src=&#8221;https:\/\/fdm-nds.de\/wp-content\/uploads\/2024\/05\/York-Sure-Vetter-6_web.png&#8221; title_text=&#8221;York Sure-Vetter (6)_web&#8221; align=&#8221;center&#8221; _builder_version=&#8221;4.24.2&#8243; _module_preset=&#8221;default&#8221; background_color=&#8221;RGBA(255,255,255,0)&#8221; z_index=&#8221;100&#8243; width=&#8221;61%&#8221; custom_margin=&#8221;||||false|false&#8221; custom_padding=&#8221;||||false|false&#8221; custom_css_after=&#8221;content:%22\u24b8 NFDI%22; position:absolute; top:97%; left: 75%; font-style: italic; color: white&#8221; border_radii=&#8221;on|5px|5px|5px|5px&#8221; global_colors_info=&#8221;{}&#8221;][\/et_pb_image][et_pb_text _builder_version=&#8221;4.27.4&#8243; _module_preset=&#8221;default&#8221; text_text_color=&#8221;#FFFFFF&#8221; background_color=&#8221;#8D2757&#8243; z_index=&#8221;139&#8243; custom_margin=&#8221;||||false|false&#8221; custom_padding=&#8221;10px|10px|10px|10px|false|false&#8221; border_radii=&#8221;on|5px|5px|5px|5px&#8221; global_colors_info=&#8221;{}&#8221;]<\/p>\n<p>&#8220;<em>FAIRe Datenpublikationen und Software-Ver\u00f6ffentlichungen ebnen den Weg f\u00fcr mehr Erkenntnisse und eine exzellente Wissenschaft. Wir k\u00f6nnen die Vision eines effektiveren Forschungsdatenmanagements nur verwirklichen, wenn ein umfassender Kulturwandel erreicht wird. Der FAIR Data and Software Award setzt genau hier an. Ich freue mich auf zahlreiche wertvolle Einsendungen.<\/em>&#8220;<\/p>\n<p><strong>Prof. Dr. York Sure-Vetter<br \/><\/strong> Direktor der Nationalen Forschungsdateninfrastruktur (NFDI) e.V. und Schirmherr des FAIR Data and Software Award Lower Saxony 2025<\/p>\n<p>[\/et_pb_text][\/et_pb_column][\/et_pb_row][\/et_pb_section]<\/p>\n","protected":false},"excerpt":{"rendered":"<p>Am 24. November 2025 wurde der FAIR Data and Software Award Lower Saxony im Rahmen der Data Days Niedersachsen verliehen. Wir bedanken uns herzlich bei Prof. Dr. York Sure-Vetter, der die Schirmherrschaft f\u00fcr den Award \u00fcbernommen hat, Prof. Dr.-Ing. habil. Manfred Krafczyk, Vizepr\u00e4sident f\u00fcr Digitalisierung und Nachhaltigkeit an der TU Braunschweig, f\u00fcr seine motivierende Begr\u00fc\u00dfung, [&hellip;]<\/p>\n","protected":false},"author":2,"featured_media":0,"parent":0,"menu_order":0,"comment_status":"closed","ping_status":"closed","template":"","meta":{"_et_pb_use_builder":"on","_et_pb_old_content":"","_et_gb_content_width":"","footnotes":""},"class_list":["post-636","page","type-page","status-publish","hentry"],"_links":{"self":[{"href":"https:\/\/fdm-nds.de\/index.php\/wp-json\/wp\/v2\/pages\/636","targetHints":{"allow":["GET"]}}],"collection":[{"href":"https:\/\/fdm-nds.de\/index.php\/wp-json\/wp\/v2\/pages"}],"about":[{"href":"https:\/\/fdm-nds.de\/index.php\/wp-json\/wp\/v2\/types\/page"}],"author":[{"embeddable":true,"href":"https:\/\/fdm-nds.de\/index.php\/wp-json\/wp\/v2\/users\/2"}],"replies":[{"embeddable":true,"href":"https:\/\/fdm-nds.de\/index.php\/wp-json\/wp\/v2\/comments?post=636"}],"version-history":[{"count":58,"href":"https:\/\/fdm-nds.de\/index.php\/wp-json\/wp\/v2\/pages\/636\/revisions"}],"predecessor-version":[{"id":3518,"href":"https:\/\/fdm-nds.de\/index.php\/wp-json\/wp\/v2\/pages\/636\/revisions\/3518"}],"wp:attachment":[{"href":"https:\/\/fdm-nds.de\/index.php\/wp-json\/wp\/v2\/media?parent=636"}],"curies":[{"name":"wp","href":"https:\/\/api.w.org\/{rel}","templated":true}]}}